000
CDUS43 KABR 070055
CLIMBG


CLIMATE REPORT
NATIONAL WEATHER SERVICE ABERDEEN SD
755 PM CDT WED MAY 6 2015


...................................

...THE MOBRIDGE SD CLIMATE SUMMARY FOR MAY 6 2015...
VALID TODAY AS OF 0500 PM LOCAL TIME.

CLIMATE NORMAL PERIOD 1981 TO 2010
CLIMATE RECORD PERIOD 1911 TO 2015


WEATHER ITEM   OBSERVED TIME   RECORD YEAR NORMAL DEPARTURE LAST
                VALUE   (LST)  VALUE       VALUE  FROM      YEAR
                                                  NORMAL
..................................................................
TEMPERATURE (F)
 TODAY
  MAXIMUM         72    446 PM  87    1992  66      6       66
                                      1934
  MINIMUM         59    443 AM  22    1929  40     19       47
  AVERAGE         66                        53     13       57

PRECIPITATION (IN)
  TODAY            0.36          1.01 1930   0.08   0.28     0.40
  MONTH TO DATE    0.44                      0.52  -0.08     0.40
  SINCE MAR 1      1.11                      2.99  -1.88     3.26
  SINCE JAN 1      1.91                      3.72  -1.81     3.87

DEGREE DAYS
 HEATING
  TODAY            0                        12    -12        8
  MONTH TO DATE   32                        77    -45       94
  SINCE MAR 1   1322                      1697   -375     1911
  SINCE JUL 1   7081                      7672   -591     8451

 COOLING
  TODAY            1                         0      1        0
  MONTH TO DATE    6                         0      6        0
  SINCE MAR 1      6                         1      5        0
  SINCE JAN 1      6                         1      5        0
..................................................................


WIND (MPH)
  HIGHEST WIND SPEED    23   HIGHEST WIND DIRECTION    SE (130)
  HIGHEST GUST SPEED    27   HIGHEST GUST DIRECTION    SE (140)
  AVERAGE WIND SPEED    13.3


SKY COVER
  POSSIBLE SUNSHINE  MM
  AVERAGE SKY COVER 0.9


WEATHER CONDITIONS
 THE FOLLOWING WEATHER WAS RECORDED TODAY.
  HEAVY RAIN
  RAIN
  LIGHT RAIN
  FOG


RELATIVE HUMIDITY (PERCENT)
 HIGHEST    93          1200 AM
 LOWEST     61           500 PM
 AVERAGE    77

..........................................................


THE MOBRIDGE SD CLIMATE NORMALS FOR TOMORROW
                         NORMAL    RECORD    YEAR
 MAXIMUM TEMPERATURE (F)   66        94      1992
 MINIMUM TEMPERATURE (F)   41        20      1929


SUNRISE AND SUNSET
MAY  6 2015...........SUNRISE   623 AM CDT   SUNSET   855 PM CDT
MAY  7 2015...........SUNRISE   621 AM CDT   SUNSET   856 PM CDT


-  INDICATES NEGATIVE NUMBERS.
R  INDICATES RECORD WAS SET OR TIED.
MM INDICATES DATA IS MISSING.
T  INDICATES TRACE AMOUNT.




$$
