000
CDUS43 KGLD 070050
CLIMCK

CLIMATE REPORT
NATIONAL WEATHER SERVICE GOODLAND
644 PM MDT WED MAY 6 2015

...................................

...THE MCCOOK NE CLIMATE SUMMARY FOR MAY 6 2015...
VALID TODAY AS OF 0600 PM LOCAL TIME.

CLIMATE NORMAL PERIOD 1981 TO 2010
CLIMATE RECORD PERIOD 1896 TO 2015


WEATHER ITEM   OBSERVED TIME   RECORD YEAR NORMAL DEPARTURE LAST
                VALUE   (LST)  VALUE       VALUE  FROM      YEAR
                                                  NORMAL
..................................................................
TEMPERATURE (F)
 TODAY
  MAXIMUM         72    444 PM  98    1916  71      1       79
  MINIMUM         60    824 AM  29    1989  42     18       43
  AVERAGE         66                        56     10       61

PRECIPITATION (IN)
  TODAY            0.05                      0.10  -0.05     0.00
  MONTH TO DATE    0.37                      0.58  -0.21      T
  SINCE MAR 1      2.35                      4.25  -1.90     1.37
  SINCE JAN 1      2.69                      5.38  -2.69     1.86

..................................................................


THE MCCOOK NE CLIMATE NORMALS FOR TOMORROW
                         NORMAL    RECORD    YEAR
 MAXIMUM TEMPERATURE (F)   71        99      1916
 MINIMUM TEMPERATURE (F)   43        30      1917



-  INDICATES NEGATIVE NUMBERS.
R  INDICATES RECORD WAS SET OR TIED.
MM INDICATES DATA IS MISSING.
T  INDICATES TRACE AMOUNT.

$$
