000
CDUS42 KFFC 250819
CLIMCN


CLIMATE REPORT
NATIONAL WEATHER SERVICE PEACHTREE CITY GA
419 AM EDT SAT APR 25 2015


...................................

...THE MACON CLIMATE SUMMARY FOR APRIL 24 2015...

CLIMATE NORMAL PERIOD 1981 TO 2010
CLIMATE RECORD PERIOD 1899 TO 2015


WEATHER ITEM   OBSERVED TIME   RECORD YEAR NORMAL DEPARTURE LAST
                VALUE   (LST)  VALUE       VALUE  FROM      YEAR
                                                  NORMAL
..................................................................
TEMPERATURE (F)
 YESTERDAY
  MAXIMUM         78    348 PM  94    1925  79     -1       85
  MINIMUM         48    600 AM  34    1986  52     -4       44
  AVERAGE         63                        65     -2       65

PRECIPITATION (IN)
  YESTERDAY        0.00          0.70 1937   0.09  -0.09     0.00
  MONTH TO DATE    4.35                      2.47   1.88     6.48
  SINCE MAR 1      6.63                      7.02  -0.39    10.41
  SINCE JAN 1     13.43                     15.62  -2.19    18.24

DEGREE DAYS
 HEATING
  YESTERDAY        2                         2      0        0
  MONTH TO DATE   31                       100    -69      104
  SINCE MAR 1    239                       372   -133      475
  SINCE JUL 1   2452                      2297    155     2608

 COOLING
  YESTERDAY        0                         3     -3        0
  MONTH TO DATE   94                        43     51       24
  SINCE MAR 1    106                        61     45       24
  SINCE JAN 1    106                        64     42       25
..................................................................


WIND (MPH)
  RESULTANT WIND SPEED   1   RESULTANT WIND DIRECTION   E (90)
  HIGHEST WIND SPEED    12   HIGHEST WIND DIRECTION     E (80)
  HIGHEST GUST SPEED    15   HIGHEST GUST DIRECTION     E (70)
  AVERAGE WIND SPEED     3.5


SKY COVER
  AVERAGE SKY COVER 0.1


WEATHER CONDITIONS
 THE FOLLOWING WEATHER WAS RECORDED YESTERDAY.
  NO SIGNIFICANT WEATHER WAS OBSERVED.


RELATIVE HUMIDITY (PERCENT)
 HIGHEST    86           600 AM
 LOWEST     33           300 PM
 AVERAGE    60

..........................................................


THE MACON CLIMATE NORMALS FOR TODAY
                         NORMAL    RECORD    YEAR
 MAXIMUM TEMPERATURE (F)   79        90      1960
                                             1958
 MINIMUM TEMPERATURE (F)   52        36      2005
                                             1910


SUNRISE AND SUNSET
APRIL 25 2015.........SUNRISE   654 AM EDT   SUNSET   812 PM EDT
APRIL 26 2015.........SUNRISE   653 AM EDT   SUNSET   812 PM EDT


-  INDICATES NEGATIVE NUMBERS.
R  INDICATES RECORD WAS SET OR TIED.
MM INDICATES DATA IS MISSING.
T  INDICATES TRACE AMOUNT.




$$
