000
CDUS42 KMLB 050635
CLIMCO


CLIMATE REPORT
NATIONAL WEATHER SERVICE MELBOURNE FL
235 AM EDT TUE MAY 5 2015


...................................

...THE ORLANDO  CLIMATE SUMMARY FOR MAY 4 2015...

CLIMATE NORMAL PERIOD 1981 TO 2010
CLIMATE RECORD PERIOD 1892 TO 2015


WEATHER ITEM   OBSERVED TIME   RECORD YEAR NORMAL DEPARTURE LAST
                VALUE   (LST)  VALUE       VALUE  FROM      YEAR
                                                  NORMAL
..................................................................
TEMPERATURE (F)
 YESTERDAY
  MAXIMUM         83    256 PM  98    1915  86     -3       85
  MINIMUM         65    330 AM  49    1929  64      1       60
                                      1921
  AVERAGE         74                        75     -1       73

PRECIPITATION (IN)
  YESTERDAY        T             1.64 1917   0.07  -0.07     0.00
  MONTH TO DATE    T                         0.27  -0.27     1.09
  SINCE MAR 1      4.96                      6.72  -1.76     9.81
  SINCE JAN 1     13.06                     11.45   1.61    14.85

SNOWFALL (IN)
  YESTERDAY        0.0
  MONTH TO DATE    0.0
  SINCE MAR 1      0.0
  SINCE JUL 1      0.0

DEGREE DAYS
 HEATING
  YESTERDAY        0                         0      0        0
  MONTH TO DATE    0                         0      0        0
  SINCE MAR 1     16                        71    -55       42
  SINCE JUL 1    486                       570    -84      406

 COOLING
  YESTERDAY        9                        10     -1        8
  MONTH TO DATE   30                        38     -8       39
  SINCE MAR 1    682                       355    327      411
  SINCE JAN 1    756                       459    297      561
..................................................................


WIND (MPH)
  HIGHEST WIND SPEED    23   HIGHEST WIND DIRECTION    NE (60)
  HIGHEST GUST SPEED    33   HIGHEST GUST DIRECTION     E (80)
  AVERAGE WIND SPEED    11.7


SKY COVER
  AVERAGE SKY COVER 0.7


WEATHER CONDITIONS
 THE FOLLOWING WEATHER WAS RECORDED YESTERDAY.
  LIGHT RAIN


RELATIVE HUMIDITY (PERCENT)
 HIGHEST    78          1200 AM
 LOWEST     34           300 PM
 AVERAGE    56

..........................................................


THE ORLANDO  CLIMATE NORMALS FOR TODAY
                         NORMAL    RECORD    YEAR
 MAXIMUM TEMPERATURE (F)   86        96      1915
 MINIMUM TEMPERATURE (F)   64        50      1921


SUNRISE AND SUNSET
MAY  5 2015...........SUNRISE   642 AM EDT   SUNSET   803 PM EDT
MAY  6 2015...........SUNRISE   641 AM EDT   SUNSET   803 PM EDT


-  INDICATES NEGATIVE NUMBERS.
R  INDICATES RECORD WAS SET OR TIED.
MM INDICATES DATA IS MISSING.
T  INDICATES TRACE AMOUNT.




$$
