000
CDUS44 KMEG 210650
CLIMEG


CLIMATE REPORT
NATIONAL WEATHER SERVICE MEMPHIS TN
149 AM CDT TUE APR 21 2015


...................................

...THE MEMPHIS/GERMANTOWN WFO CLIMATE SUMMARY FOR APRIL 20 2015...

CLIMATE NORMAL PERIOD 1981 TO 2010
CLIMATE RECORD PERIOD 1988 TO 2015


WEATHER ITEM   OBSERVED TIME   RECORD YEAR NORMAL DEPARTURE LAST
                VALUE   (LST)  VALUE       VALUE  FROM      YEAR
                                                  NORMAL
..................................................................
TEMPERATURE (F)
 YESTERDAY
  MAXIMUM         67        MM  87    2002  73     -6       83
  MINIMUM         48        MM  37    2013  50     -2       49
  AVERAGE         58                        62     -4       66

PRECIPITATION (IN)
  YESTERDAY        T             1.03 1995   0.19  -0.19     0.00
  MONTH TO DATE    2.25                      3.45  -1.20     2.89
  SINCE MAR 1      8.91                      8.40   0.51     8.93
  SINCE JAN 1     14.99                     17.03  -2.04    17.55

SNOWFALL (IN)
  YESTERDAY        0.0          MM      MM   0.0    0.0      0.0
  MONTH TO DATE    0.0                       0.0    0.0      0.0
  SINCE MAR 1      4.1                       0.8    3.3      0.3
  SINCE JUL 1      6.3                       2.4    3.9      0.8
  SNOW DEPTH       0

DEGREE DAYS
 HEATING
  YESTERDAY        7                         5      2        0
  MONTH TO DATE   55                       151    -96      140
  SINCE MAR 1    476                       587   -111      662
  SINCE JUL 1   3383                      3333     50     3666

 COOLING
  YESTERDAY        0                         2     -2        1
  MONTH TO DATE   69                        30     39       35
  SINCE MAR 1     72                        41     31       37
  SINCE JAN 1     72                        42     30       37
..................................................................







THE MEMPHIS/GERMANTOWN WFO CLIMATE NORMALS FOR TODAY
                         NORMAL    RECORD    YEAR
 MAXIMUM TEMPERATURE (F)   74        85      2008
 MINIMUM TEMPERATURE (F)   51        42      1993


SUNRISE AND SUNSET
APRIL 21 2015.........SUNRISE   620 AM CDT   SUNSET   737 PM CDT
APRIL 22 2015.........SUNRISE   619 AM CDT   SUNSET   737 PM CDT


-  INDICATES NEGATIVE NUMBERS.
R  INDICATES RECORD WAS SET OR TIED.
MM INDICATES DATA IS MISSING.
T  INDICATES TRACE AMOUNT.




$$
