000
CDUS44 KJAN 250639
CLIMEI


CLIMATE REPORT
NATIONAL WEATHER SERVICE JACKSON MS
136 AM CDT SAT APR 25 2015


...................................

...THE MERIDIAN CLIMATE SUMMARY FOR APRIL 24 2015...

CLIMATE NORMAL PERIOD 1981 TO 2010
CLIMATE RECORD PERIOD 1889 TO 2015


WEATHER ITEM   OBSERVED TIME   RECORD YEAR NORMAL DEPARTURE LAST
                VALUE   (LST)  VALUE       VALUE  FROM      YEAR
                                                  NORMAL
..................................................................
TEMPERATURE (F)
 YESTERDAY
  MAXIMUM         76    229 PM  91    1958  78     -2       84
  MINIMUM         55    214 AM  37    2012  52      3       51
                                      1910
                                      1903
  AVERAGE         66                        65      1       68

PRECIPITATION (IN)
  YESTERDAY        T             4.27 2003   0.14  -0.14     0.00
  MONTH TO DATE    4.70                      3.89   0.81     9.90
  SINCE MAR 1      9.61                      9.31   0.30    15.64
  SINCE JAN 1     20.45                     20.04   0.41    24.99

SNOWFALL (IN)
  YESTERDAY        0.0           0.0    MM   0.0    0.0      0.0
  MONTH TO DATE    0.0                       0.1   -0.1      0.0
  SINCE MAR 1      T                         0.3   -0.3      0.0
  SINCE JUL 1      T                         0.6   -0.6      2.5

DEGREE DAYS
 HEATING
  YESTERDAY        0                         3     -3        0
  MONTH TO DATE   32                       117    -85      116
  SINCE MAR 1    242                       424   -182      465
  SINCE JUL 1   2483                      2521    -38     2841

 COOLING
  YESTERDAY        1                         3     -2        3
  MONTH TO DATE  100                        40     60       23
  SINCE MAR 1    127                        57     70       25
  SINCE JAN 1    127                        64     63       32
..................................................................


WIND (MPH)
  HIGHEST WIND SPEED    12   HIGHEST WIND DIRECTION    SE (130)
  HIGHEST GUST SPEED    15   HIGHEST GUST DIRECTION     S (160)
  AVERAGE WIND SPEED     5.9


SKY COVER
  POSSIBLE SUNSHINE  MM
  AVERAGE SKY COVER 0.3


WEATHER CONDITIONS
 THE FOLLOWING WEATHER WAS RECORDED YESTERDAY.
  LIGHT RAIN


RELATIVE HUMIDITY (PERCENT)
 HIGHEST    93           300 AM
 LOWEST     40           900 AM
 AVERAGE    67

..........................................................


THE MERIDIAN CLIMATE NORMALS FOR TODAY
                         NORMAL    RECORD    YEAR
 MAXIMUM TEMPERATURE (F)   78        87      1957
                                             1954
                                             1945
 MINIMUM TEMPERATURE (F)   52        32      1910


SUNRISE AND SUNSET
APRIL 25 2015.........SUNRISE   615 AM CDT   SUNSET   732 PM CDT
APRIL 26 2015.........SUNRISE   614 AM CDT   SUNSET   732 PM CDT


-  INDICATES NEGATIVE NUMBERS.
R  INDICATES RECORD WAS SET OR TIED.
MM INDICATES DATA IS MISSING.
T  INDICATES TRACE AMOUNT.




$$
