000
CDUS44 KMEG 210650
CLIMEM


CLIMATE REPORT
NATIONAL WEATHER SERVICE MEMPHIS TN
149 AM CDT TUE APR 21 2015


...................................

...THE MEMPHIS CLIMATE SUMMARY FOR APRIL 20 2015...

CLIMATE NORMAL PERIOD 1981 TO 2010
CLIMATE RECORD PERIOD 1872 TO 2015


WEATHER ITEM   OBSERVED TIME   RECORD YEAR NORMAL DEPARTURE LAST
                VALUE   (LST)  VALUE       VALUE  FROM      YEAR
                                                  NORMAL
..................................................................
TEMPERATURE (F)
 YESTERDAY
  MAXIMUM         68    307 PM  92    1987  74     -6       81
  MINIMUM         54   1159 PM  38    1953  54      0       50
                                      1904
  AVERAGE         61                        64     -3       66

PRECIPITATION (IN)
  YESTERDAY        0.00          4.86 1927   0.18  -0.18     0.00
  MONTH TO DATE    1.74                      3.63  -1.89     2.51
  SINCE MAR 1      7.22                      8.79  -1.57     9.89
  SINCE JAN 1     12.87                     17.16  -4.29    18.01

SNOWFALL (IN)
  YESTERDAY        0.0           T    1990   0.0    0.0      0.0
                                      1955
  MONTH TO DATE    0.0                       0.0    0.0      0.0
  SINCE MAR 1      3.6                       0.4    3.2      0.5
  SINCE JUL 1      6.1                       3.8    2.3      0.8
  SNOW DEPTH       0

DEGREE DAYS
 HEATING
  YESTERDAY        4                         4      0        0
  MONTH TO DATE   38                       112    -74      120
  SINCE MAR 1    416                       470    -54      595
  SINCE JUL 1   3139                      2920    219     3421

 COOLING
  YESTERDAY        0                         3     -3        1
  MONTH TO DATE   78                        42     36       33
  SINCE MAR 1     84                        59     25       35
  SINCE JAN 1     84                        62     22       35
..................................................................


WIND (MPH)
  HIGHEST WIND SPEED    21   HIGHEST WIND DIRECTION     W (290)
  HIGHEST GUST SPEED    29   HIGHEST GUST DIRECTION     W (280)
  AVERAGE WIND SPEED    10.8


SKY COVER
  POSSIBLE SUNSHINE  MM
  AVERAGE SKY COVER 0.5


WEATHER CONDITIONS
 THE FOLLOWING WEATHER WAS RECORDED YESTERDAY.
  NO SIGNIFICANT WEATHER WAS OBSERVED.


RELATIVE HUMIDITY (PERCENT)
 HIGHEST    93           100 AM
 LOWEST     31           600 PM
 AVERAGE    62

..........................................................


THE MEMPHIS CLIMATE NORMALS FOR TODAY
                         NORMAL    RECORD    YEAR
 MAXIMUM TEMPERATURE (F)   75        94      1987
 MINIMUM TEMPERATURE (F)   55        36      1950


SUNRISE AND SUNSET
APRIL 21 2015.........SUNRISE   621 AM CDT   SUNSET   737 PM CDT
APRIL 22 2015.........SUNRISE   620 AM CDT   SUNSET   738 PM CDT


-  INDICATES NEGATIVE NUMBERS.
R  INDICATES RECORD WAS SET OR TIED.
MM INDICATES DATA IS MISSING.
T  INDICATES TRACE AMOUNT.




$$
