000
CDUS46 KMFR 251811
CLIMFR

CLIMATE REPORT
NATIONAL WEATHER SERVICE MEDFORD, OR
1115 AM PDT SAT APR 25 2015


...................................

...THE MEDFORD OR CLIMATE SUMMARY FOR APRIL 24 2015...

CLIMATE NORMAL PERIOD 1981 TO 2010
CLIMATE RECORD PERIOD 1911 TO 2015


WEATHER ITEM   OBSERVED TIME   RECORD YEAR NORMAL DEPARTURE LAST
                VALUE   (LST)  VALUE       VALUE  FROM      YEAR
                                                  NORMAL
..................................................................
TEMPERATURE (F)
 YESTERDAY
  MAXIMUM         57   1204 PM  90    1926  67    -10       62
  MINIMUM         42    544 AM  27    1964  42      0       48
  AVERAGE         50                        54     -4       55

PRECIPITATION (IN)
  YESTERDAY        0.14          0.47 1934   0.04   0.10     0.09
  MONTH TO DATE    0.57                      1.12  -0.55     0.67
  SINCE OCT 1     13.32                     14.91  -1.59    11.18
  SINCE JAN 1      6.47                      7.27  -0.80     9.50

SNOWFALL (IN)
  YESTERDAY       MM                         0.0   MM        0.0
  MONTH TO DATE    0.0                       0.1   -0.1      0.0
  SINCE JUL 1      T                         4.2   -4.2      3.4
  SNOW DEPTH       0

DEGREE DAYS
 HEATING
  YESTERDAY       15                        11      4       10
  MONTH TO DATE  301                       307     -6      201
  SINCE MAR 1    656                       825   -169      622
  SINCE JUL 1   3096                      3939   -843     3992

 COOLING
  YESTERDAY        0                         0      0        0
  MONTH TO DATE    0                         0      0        0
  SINCE MAR 1      0                         0      0        0
  SINCE JAN 1      0                         0      0        0
..................................................................


WIND (MPH)
  HIGHEST WIND SPEED    15   HIGHEST WIND DIRECTION     W (290)
  HIGHEST GUST SPEED    18   HIGHEST GUST DIRECTION     S (180)
  AVERAGE WIND SPEED     4.5


SKY COVER
  POSSIBLE SUNSHINE  MM
  AVERAGE SKY COVER 0.8


WEATHER CONDITIONS
 THE FOLLOWING WEATHER WAS RECORDED YESTERDAY.
  RAIN
  LIGHT RAIN


RELATIVE HUMIDITY (PERCENT)
 HIGHEST    89           400 AM
 LOWEST     43           100 PM
 AVERAGE    66

..........................................................


THE MEDFORD OR CLIMATE NORMALS FOR TODAY
                         NORMAL    RECORD    YEAR
 MAXIMUM TEMPERATURE (F)   67        91      1926
 MINIMUM TEMPERATURE (F)   42        30      1944
                                             1924


SUNRISE AND SUNSET
APRIL 25 2015.........SUNRISE   615 AM PDT   SUNSET   804 PM PDT
APRIL 26 2015.........SUNRISE   614 AM PDT   SUNSET   805 PM PDT


-  INDICATES NEGATIVE NUMBERS.
R  INDICATES RECORD WAS SET OR TIED.
MM INDICATES DATA IS MISSING.
T  INDICATES TRACE AMOUNT.

&&

LOW TEMPERATURE THIS MORNING...45
24-HOUR PRECIPITATION........0.17

$$
