000
CDUS44 KBMX 032117
CLIMGM


CLIMATE REPORT
NATIONAL WEATHER SERVICE BIRMINGHAM, AL
416 PM CDT SUN MAY 3 2015


...................................

...THE MONTGOMERY CLIMATE SUMMARY FOR MAY 3 2015...
VALID AS OF 0400 PM LOCAL TIME.

CLIMATE NORMAL PERIOD 1981 TO 2010
CLIMATE RECORD PERIOD 1994 TO 2015


WEATHER ITEM   OBSERVED TIME   RECORD YEAR NORMAL DEPARTURE LAST
                VALUE   (LST)  VALUE       VALUE  FROM      YEAR
                                                  NORMAL
..................................................................
TEMPERATURE (F)
 TODAY
  MAXIMUM         84    210 PM  94    1990  81      3       80
  MINIMUM         52    501 AM  46    1995  57     -5       48
                                      1876
  AVERAGE         68                        69     -1       64

PRECIPITATION (IN)
  TODAY            0.00          3.66 1957   0.11  -0.11     0.00
  MONTH TO DATE    0.00                      0.33  -0.33     0.00
  SINCE MAR 1      8.50                     10.30  -1.80    15.67
  SINCE JAN 1     16.16                     20.23  -4.07    23.34

DEGREE DAYS
 COOLING
  TODAY            3                         5     -2        0
  MONTH TO DATE    3                        13    -10        0
  SINCE MAR 1    224                       108    116       92
  SINCE JAN 1    224                       114    110       99
..................................................................


WIND (MPH)
  HIGHEST WIND SPEED    10   HIGHEST WIND DIRECTION     S (180)
  HIGHEST GUST SPEED    13   HIGHEST GUST DIRECTION     S (180)
  AVERAGE WIND SPEED     1.4


SKY COVER
  AVERAGE SKY COVER 0.1


WEATHER CONDITIONS
 THE FOLLOWING WEATHER WAS RECORDED TODAY.
  NO SIGNIFICANT WEATHER WAS OBSERVED.


RELATIVE HUMIDITY (PERCENT)
 HIGHEST    93           200 AM
 LOWEST     31           300 PM
 AVERAGE    62

..........................................................


THE MONTGOMERY CLIMATE NORMALS FOR TOMORROW
                         NORMAL    RECORD    YEAR
 MAXIMUM TEMPERATURE (F)   81        93      1902
 MINIMUM TEMPERATURE (F)   57        40      1971


SUNRISE AND SUNSET
MAY  3 2015...........SUNRISE   558 AM CDT   SUNSET   728 PM CDT
MAY  4 2015...........SUNRISE   557 AM CDT   SUNSET   729 PM CDT


-  INDICATES NEGATIVE NUMBERS.
R  INDICATES RECORD WAS SET OR TIED.
MM INDICATES DATA IS MISSING.
T  INDICATES TRACE AMOUNT.




$$
