000
CDUS43 KTOP 062132
CLIMHK


CLIMATE REPORT
NATIONAL WEATHER SERVICE TOPEKA KS
431 PM CDT WED MAY 6 2015


...................................

...THE MANHATTAN KS CLIMATE SUMMARY FOR MAY 6 2015...
VALID TODAY AS OF 0400 PM LOCAL TIME.

CLIMATE NORMAL PERIOD 1981 TO 2010
CLIMATE RECORD PERIOD 9999 TO 9999


WEATHER ITEM   OBSERVED NORMAL DEPARTURE LAST
                VALUE   VALUE  FROM      YEAR
                               NORMAL
...............................................
TEMPERATURE (F)
 TODAY
  MAXIMUM         72     73     -1       92
  MINIMUM         62     48     14       55
  AVERAGE         67     60      7       74

PRECIPITATION (IN)
  TODAY            0.42   0.14   0.28     0.00
  MONTH TO DATE    4.68   0.87   3.81     0.00
  SINCE MAR 1      7.46   5.87   1.59     2.48
  SINCE JAN 1      8.92   7.59   1.33     3.70

DEGREE DAYS
 HEATING
  TODAY            0      6     -6        0
  MONTH TO DATE    3     39    -36       30
  SINCE MAR 1    828   1060   -232     1122
  SINCE JUL 1   5022   5220   -198     5653

 COOLING
  TODAY            2      1      1        9
  MONTH TO DATE   30      6     24       15
  SINCE MAR 1     38     23     15       45
  SINCE JAN 1     38     23     15       45
...............................................


WIND (MPH)
  HIGHEST WIND SPEED    33   HIGHEST WIND DIRECTION     S (170)
  HIGHEST GUST SPEED    43   HIGHEST GUST DIRECTION     S (170)
  AVERAGE WIND SPEED    18.3



WEATHER CONDITIONS
 THE FOLLOWING WEATHER WAS RECORDED TODAY.
  HEAVY RAIN
  RAIN
  LIGHT RAIN
  FOG


RELATIVE HUMIDITY (PERCENT)
 HIGHEST   100
 LOWEST     68
 AVERAGE    84

..........................................................


THE MANHATTAN KS CLIMATE NORMALS FOR TOMORROW
                         NORMAL
 MAXIMUM TEMPERATURE (F)   73
 MINIMUM TEMPERATURE (F)   48


SUNRISE AND SUNSET
MAY  6 2015...........SUNRISE   623 AM CDT   SUNSET   824 PM CDT
MAY  7 2015...........SUNRISE   622 AM CDT   SUNSET   825 PM CDT


-  INDICATES NEGATIVE NUMBERS.
R  INDICATES RECORD WAS SET OR TIED.
MM INDICATES DATA IS MISSING.
T  INDICATES TRACE AMOUNT.




$$
