000
CDUS46 KMFR 030836
CLIMHS


CLIMATE REPORT
NATIONAL WEATHER SERVICE MEDFORD, OR
136 AM PDT SUN MAY 3 2015


...................................

...THE MT SHASTA CITY CA CLIMATE SUMMARY FOR MAY 2 2015...

CLIMATE NORMAL PERIOD 1981 TO 2010
CLIMATE RECORD PERIOD 1908 TO 2015


WEATHER ITEM   OBSERVED TIME   RECORD YEAR NORMAL DEPARTURE LAST
                VALUE   (LST)  VALUE       VALUE  FROM      YEAR
                                                  NORMAL
..................................................................
TEMPERATURE (F)
 YESTERDAY
  MAXIMUM         80    237 PM  84    1945  65     15       80
  MINIMUM         41    526 AM  24    1964  37      4       43
  AVERAGE         61                        51     10       62

PRECIPITATION (IN)
  YESTERDAY        0.00          0.63 2009   0.07  -0.07     0.00
  MONTH TO DATE    0.00                      0.15  -0.15     0.00
  SINCE OCT 1     32.91                     38.54  -5.63    12.46
  SINCE JAN 1     13.39                     23.33  -9.94    11.35

SNOWFALL (IN)
  YESTERDAY       MM                         0.1   MM       MM
  MONTH TO DATE   MM                         0.1   MM       MM
  SINCE JUL 1     MM                        91.6   MM        0.0
  SNOW DEPTH      MM

DEGREE DAYS
 HEATING
  YESTERDAY        4                        14    -10        3
  MONTH TO DATE    9                        28    -19        5
  SINCE MAR 1    963                      1268   -305     1028
  SINCE JUL 1   3929                      5243  -1314     4644

 COOLING
  YESTERDAY        0                         0      0        0
  MONTH TO DATE    0                         0      0        0
  SINCE MAR 1      0                         0      0        1
  SINCE JAN 1      0                         0      0        1
..................................................................


WIND (MPH)
  HIGHEST WIND SPEED     9   HIGHEST WIND DIRECTION     E (90)
  HIGHEST GUST SPEED    15   HIGHEST GUST DIRECTION    SE (130)
  AVERAGE WIND SPEED     1.2


SKY COVER
  POSSIBLE SUNSHINE  MM
  AVERAGE SKY COVER 0.0


WEATHER CONDITIONS
 THE FOLLOWING WEATHER WAS RECORDED YESTERDAY.
  NO SIGNIFICANT WEATHER WAS OBSERVED.


RELATIVE HUMIDITY (PERCENT)
 HIGHEST    79           500 AM
 LOWEST     18           100 PM

..........................................................


THE MT SHASTA CITY CA CLIMATE NORMALS FOR TODAY
                         NORMAL    RECORD    YEAR
 MAXIMUM TEMPERATURE (F)   66        83      2004
                                             1992
 MINIMUM TEMPERATURE (F)   37        25      2007


SUNRISE AND SUNSET
MAY  3 2015...........SUNRISE   604 AM PDT   SUNSET   809 PM PDT
MAY  4 2015...........SUNRISE   603 AM PDT   SUNSET   810 PM PDT


-  INDICATES NEGATIVE NUMBERS.
R  INDICATES RECORD WAS SET OR TIED.
MM INDICATES DATA IS MISSING.
T  INDICATES TRACE AMOUNT.




$$
