000
CDUS44 KMEG 190621
CLIMKL


CLIMATE REPORT
NATIONAL WEATHER SERVICE MEMPHIS TN
121 AM CDT SUN APR 19 2015


...................................

...THE JACKSON CLIMATE SUMMARY FOR APRIL 18 2015...

CLIMATE NORMAL PERIOD 1981 TO 2010
CLIMATE RECORD PERIOD 1948 TO 2015


WEATHER ITEM   OBSERVED TIME   RECORD YEAR NORMAL DEPARTURE LAST
                VALUE   (LST)  VALUE       VALUE  FROM      YEAR
                                                  NORMAL
..................................................................
TEMPERATURE (F)
 YESTERDAY
  MAXIMUM         78    234 PM  91    2006  73      5       72
  MINIMUM         53    447 AM  29    2001  49      4       50
  AVERAGE         66                        61      5       61

PRECIPITATION (IN)
  YESTERDAY        T             1.90 2013   0.17  -0.17      T
  MONTH TO DATE    3.95                      2.81   1.14     2.45
  SINCE MAR 1      8.91                      7.56   1.35     8.29
  SINCE JAN 1     14.80                     15.80  -1.00    16.45

SNOWFALL (IN)
  YESTERDAY        0.0          MM      MM   0.0    0.0      0.0
  MONTH TO DATE    0.0                       0.1   -0.1       T
  SINCE MAR 1      4.4                       0.5    3.9      0.8
  SINCE JUL 1      5.9                       4.7    1.2      1.3
  SNOW DEPTH       0

DEGREE DAYS
 HEATING
  YESTERDAY        0                         6     -6        4
  MONTH TO DATE   63                       144    -81      159
  SINCE MAR 1    542                       588    -46      753
  SINCE JUL 1   3715                      3472    243     4049

 COOLING
  YESTERDAY        1                         2     -1        0
  MONTH TO DATE   53                        22     31       31
  SINCE MAR 1     55                        32     23       31
  SINCE JAN 1     55                        33     22       31
..................................................................


WIND (MPH)
  HIGHEST WIND SPEED    13   HIGHEST WIND DIRECTION     E (100)
  HIGHEST GUST SPEED    15   HIGHEST GUST DIRECTION     E (110)
  AVERAGE WIND SPEED     3.3


SKY COVER
  POSSIBLE SUNSHINE  MM
  AVERAGE SKY COVER 0.6


WEATHER CONDITIONS
 THE FOLLOWING WEATHER WAS RECORDED YESTERDAY.
  LIGHT RAIN
  FOG
  FOG W/VISIBILITY <= 1/4 MILE


RELATIVE HUMIDITY (PERCENT)
 HIGHEST   100           100 AM
 LOWEST     54           200 PM
 AVERAGE    77

..........................................................


THE JACKSON CLIMATE NORMALS FOR TODAY
                         NORMAL    RECORD    YEAR
 MAXIMUM TEMPERATURE (F)   73        89      1971
 MINIMUM TEMPERATURE (F)   49        31      1983
                                             1953


SUNRISE AND SUNSET
APRIL 19 2015.........SUNRISE   618 AM CDT   SUNSET   732 PM CDT
APRIL 20 2015.........SUNRISE   617 AM CDT   SUNSET   733 PM CDT


-  INDICATES NEGATIVE NUMBERS.
R  INDICATES RECORD WAS SET OR TIED.
MM INDICATES DATA IS MISSING.
T  INDICATES TRACE AMOUNT.




$$
