000
CDUS43 KDVN 030930
CLIMLI


CLIMATE REPORT
NATIONAL WEATHER SERVICE QUAD CITIES IA IL
426 AM CDT SUN MAY 3 2015


...................................

...THE MOLINE IL CLIMATE SUMMARY FOR MAY 2 2015...

CLIMATE NORMAL PERIOD 1981 TO 2010
CLIMATE RECORD PERIOD 1872 TO 2015


WEATHER ITEM   OBSERVED TIME   RECORD YEAR NORMAL DEPARTURE LAST
                VALUE   (LST)  VALUE       VALUE  FROM      YEAR
                                                  NORMAL
..................................................................
TEMPERATURE (F)
 YESTERDAY
  MAXIMUM         79    253 PM  89    1968  68     11       62
  MINIMUM         42    455 AM  28    2005  46     -4       45
  AVERAGE         61                        57      4       54

PRECIPITATION (IN)
  YESTERDAY        0.01          0.90 1937   0.13  -0.12      T
  MONTH TO DATE    0.01                      0.26  -0.25     0.03
  SINCE MAR 1      2.38                      6.71  -4.33     4.71
  SINCE JAN 1      5.31                      9.80  -4.49     8.73

SNOWFALL (IN)
  YESTERDAY        0.0          MM      MM   0.0    0.0      0.0
  MONTH TO DATE    0.0                       0.0    0.0      0.0
  SINCE MAR 1      0.1                       4.9   -4.8     10.3
  SINCE JUL 1     39.1                      31.6    7.5     65.1
  SNOW DEPTH       0

DEGREE DAYS
 HEATING
  YESTERDAY        4                         8     -4       11
  MONTH TO DATE   18                        17      1       30
  SINCE MAR 1   1231                      1242    -11     1511
  SINCE JUL 1   6489                      6040    449     7181

 COOLING
  YESTERDAY        0                         1     -1        0
  MONTH TO DATE    0                         2     -2        0
  SINCE MAR 1      0                        16    -16        5
  SINCE JAN 1      0                        16    -16        5
..................................................................


WIND (MPH)
  HIGHEST WIND SPEED    17   HIGHEST WIND DIRECTION     W (250)
  HIGHEST GUST SPEED    24   HIGHEST GUST DIRECTION    SW (240)
  AVERAGE WIND SPEED     6.3


SKY COVER
  POSSIBLE SUNSHINE  MM
  AVERAGE SKY COVER 0.3


WEATHER CONDITIONS
 THE FOLLOWING WEATHER WAS RECORDED YESTERDAY.
  LIGHT RAIN


RELATIVE HUMIDITY (PERCENT)
 HIGHEST    83           600 AM
 LOWEST     25          1100 AM
 AVERAGE    54

..........................................................


THE MOLINE IL CLIMATE NORMALS FOR TODAY
                         NORMAL    RECORD    YEAR
 MAXIMUM TEMPERATURE (F)   69        89      1949
                                             1938
 MINIMUM TEMPERATURE (F)   47        25      2005


SUNRISE AND SUNSET
MAY  3 2015...........SUNRISE   557 AM CDT   SUNSET   802 PM CDT
MAY  4 2015...........SUNRISE   556 AM CDT   SUNSET   803 PM CDT


-  INDICATES NEGATIVE NUMBERS.
R  INDICATES RECORD WAS SET OR TIED.
MM INDICATES DATA IS MISSING.
T  INDICATES TRACE AMOUNT.




$$
