000
CDUS41 KBTV 180541
CLIMSS


CLIMATE REPORT
NATIONAL WEATHER SERVICE BURLINGTON VT
140 AM EDT SAT APR 18 2015


...................................

...THE MASSENA NY CLIMATE SUMMARY FOR APRIL 17 2015...

CLIMATE NORMAL PERIOD 1981 TO 2010
CLIMATE RECORD PERIOD 1948 TO 2015


WEATHER ITEM   OBSERVED TIME   RECORD YEAR NORMAL DEPARTURE LAST
                VALUE   (LST)  VALUE       VALUE  FROM      YEAR
                                                  NORMAL
..................................................................
TEMPERATURE (F)
 YESTERDAY
  MAXIMUM         66    346 PM  84    2002  55     11       48
                                      1976
  MINIMUM         44   1149 PM  20    2014  34     10       20
                                      2003
                                      1985
  AVERAGE         55                        44     11       34

PRECIPITATION (IN)
  YESTERDAY        T             0.89        0.09  -0.09     0.00
  MONTH TO DATE    1.30                      1.59  -0.29     2.30
  SINCE MAR 1      1.84                      3.68  -1.84     3.21
  SINCE JAN 1      3.26                      7.63  -4.37     5.95

DEGREE DAYS
 HEATING
  YESTERDAY       10                        21    -11       31
  MONTH TO DATE  396                       421    -25      446
  SINCE MAR 1   1691                      1565    126     1874
  SINCE JUL 1   7857                      7552    305     8043

 COOLING
  YESTERDAY        0                         0      0        0
  MONTH TO DATE    0                         0      0        0
  SINCE MAR 1      0                         0      0        0
  SINCE JAN 1      0                         0      0        0
..................................................................


WIND (MPH)
  HIGHEST WIND SPEED    23   HIGHEST WIND DIRECTION    SW (210)
  HIGHEST GUST SPEED    30   HIGHEST GUST DIRECTION    SW (210)
  AVERAGE WIND SPEED    11.2


SKY COVER
  AVERAGE SKY COVER 0.6


WEATHER CONDITIONS
 THE FOLLOWING WEATHER WAS RECORDED YESTERDAY.
  LIGHT RAIN
  FOG


RELATIVE HUMIDITY (PERCENT)
 HIGHEST    93           600 AM
 LOWEST     44           400 PM
 AVERAGE    69

..........................................................


THE MASSENA NY CLIMATE NORMALS FOR TODAY
                         NORMAL    RECORD    YEAR
 MAXIMUM TEMPERATURE (F)   56        82      1976
 MINIMUM TEMPERATURE (F)   34        25      1985


SUNRISE AND SUNSET
APRIL 18 2015.........SUNRISE   610 AM EDT   SUNSET   748 PM EDT
APRIL 19 2015.........SUNRISE   608 AM EDT   SUNSET   749 PM EDT


-  INDICATES NEGATIVE NUMBERS.
R  INDICATES RECORD WAS SET OR TIED.
MM INDICATES DATA IS MISSING.
T  INDICATES TRACE AMOUNT.




$$
