000
CDUS43 KILX 280646
CLIMTO


CLIMATE REPORT
NATIONAL WEATHER SERVICE LINCOLN IL
146 AM CDT TUE APR 28 2015


...................................

...THE MATTOON IL AIRPORT CLIMATE SUMMARY FOR APRIL 27 2015...

CLIMATE NORMAL PERIOD 1981 TO 2010
CLIMATE RECORD PERIOD 9999 TO 9999


WEATHER ITEM   OBSERVED TIME   RECORD YEAR NORMAL DEPARTURE LAST
                VALUE   (LST)  VALUE       VALUE  FROM      YEAR
                                                  NORMAL
..................................................................
TEMPERATURE (F)
 YESTERDAY
  MAXIMUM         61    355 PM  MM      MM  68     -7       77
  MINIMUM         34    348 AM  MM      MM  48    -14       57
  AVERAGE         48                        58    -10       67

PRECIPITATION (IN)
  YESTERDAY        0.00         MM      MM   0.14  -0.14     0.71
  MONTH TO DATE    3.73                      2.94   0.79     3.21
  SINCE MAR 1      6.24                      5.51   0.73     4.21
  SINCE JAN 1      7.59                      9.49  -1.90     6.14

DEGREE DAYS
 HEATING
  YESTERDAY       17                         8      9        0
  MONTH TO DATE  269                       338    -69      299
  SINCE MAR 1   1079                      1037     42     1188
  SINCE JUL 1   5772                      5241    531     6035

 COOLING
  YESTERDAY        0                         1     -1        2
  MONTH TO DATE    2                         8     -6        4
  SINCE MAR 1      2                         9     -7        4
  SINCE JAN 1      2                         9     -7        4
..................................................................


WIND (MPH)
  HIGHEST WIND SPEED    25   HIGHEST WIND DIRECTION     N (10)
  HIGHEST GUST SPEED    32   HIGHEST GUST DIRECTION     N (20)
  AVERAGE WIND SPEED    11.9


SKY COVER
  POSSIBLE SUNSHINE  MM
  AVERAGE SKY COVER 0.1


WEATHER CONDITIONS
 THE FOLLOWING WEATHER WAS RECORDED YESTERDAY.
  NO SIGNIFICANT WEATHER WAS OBSERVED.


RELATIVE HUMIDITY (PERCENT)
 HIGHEST    76          1200 AM
 LOWEST     42           200 PM
 AVERAGE    59

..........................................................


THE MATTOON IL AIRPORT CLIMATE NORMALS FOR TODAY
                         NORMAL    RECORD    YEAR
 MAXIMUM TEMPERATURE (F)   68        MM        MM
 MINIMUM TEMPERATURE (F)   48        MM        MM


SUNRISE AND SUNSET
APRIL 28 2015.........SUNRISE   558 AM CDT   SUNSET   744 PM CDT
APRIL 29 2015.........SUNRISE   557 AM CDT   SUNSET   745 PM CDT


-  INDICATES NEGATIVE NUMBERS.
R  INDICATES RECORD WAS SET OR TIED.
MM INDICATES DATA IS MISSING.
T  INDICATES TRACE AMOUNT.




$$
