000
CDUS45 KPSR 210019 RRA
CLINYL

CDUS45 KPSR DDHHMM
CLINYL

CLIMATE REPORT
NATIONAL WEATHER SERVICE PHOENIX AZ
518 PM MST MON APR 20 2015


...................................

...THE YUMA AZ CLIMATE SUMMARY FOR APRIL 20 2015...
VALID TODAY AS OF 0500 PM LOCAL TIME.

CLIMATE NORMAL PERIOD 1981 TO 2010
CLIMATE RECORD PERIOD 1876 TO 2015


WEATHER ITEM   OBSERVED TIME   RECORD YEAR NORMAL DEPARTURE LAST
                VALUE   (LST)  VALUE       VALUE  FROM      YEAR
                                                  NORMAL
..................................................................
TEMPERATURE (F)
 TODAY
  MAXIMUM         93    338 PM 104    1958  87      6       94
  MINIMUM         60    557 AM  45    1972  61     -1       66
                                      1933
  AVERAGE         77                        74      3       80

PRECIPITATION (IN)
  TODAY            0.00          0.03 1988   0.00   0.00     0.00
  MONTH TO DATE    0.00                      0.12  -0.12     0.00
  SINCE OCT 1      0.95                      2.15  -1.20     1.18
  SINCE JAN 1      0.51                      1.21  -0.70     0.07

DEGREE DAYS
 HEATING
  TODAY            0                         0      0        0
  MONTH TO DATE    0                        12    -12        5
  SINCE MAR 1     23                        62    -39        9
  SINCE JUL 1     83                       685   -602      370

 COOLING
  TODAY           12                         9      3       15
  MONTH TO DATE  171                       144     27      199
  SINCE MAR 1    466                       261    205      384
  SINCE JAN 1    577                       297    280      498
..................................................................


WIND (MPH)
  RESULTANT WIND SPEED   5   RESULTANT WIND DIRECTION   S (190)
  HIGHEST WIND SPEED    21   HIGHEST WIND DIRECTION     S (190)
  HIGHEST GUST SPEED    26   HIGHEST GUST DIRECTION     S (180)
  AVERAGE WIND SPEED     6.4


SKY COVER
  AVERAGE SKY COVER 0.1


WEATHER CONDITIONS
 THE FOLLOWING WEATHER WAS RECORDED TODAY.
  NO SIGNIFICANT WEATHER WAS OBSERVED.


RELATIVE HUMIDITY (PERCENT)
 HIGHEST    37
 LOWEST      7
 AVERAGE    22

..........................................................


THE YUMA AZ CLIMATE NORMALS FOR TOMORROW
                         NORMAL    RECORD    YEAR
 MAXIMUM TEMPERATURE (F)   88       107      1958
 MINIMUM TEMPERATURE (F)   61        43      1904


SUNRISE AND SUNSET
APRIL 20 2015.........SUNRISE   603 AM MST   SUNSET   712 PM MST
APRIL 21 2015.........SUNRISE   602 AM MST   SUNSET   713 PM MST


-  INDICATES NEGATIVE NUMBERS.
R  INDICATES RECORD WAS SET OR TIED.
MM INDICATES DATA IS MISSING.
T  INDICATES TRACE AMOUNT.

$$
