000
CDUS46 KMTR 270032
CLIOAK


CLIMATE REPORT
NATIONAL WEATHER SERVICE SAN FRANCISCO BAY AREA
532 PM PDT SUN APR 26 2015


...................................

...THE OAKLAND AIRPORT CLIMATE SUMMARY FOR APRIL 26 2015...
VALID TODAY AS OF 0500 PM LOCAL TIME.

CLIMATE NORMAL PERIOD 1981 TO 2010
CLIMATE RECORD PERIOD 1948 TO 2015


WEATHER ITEM   OBSERVED TIME   RECORD YEAR NORMAL DEPARTURE LAST
                VALUE   (LST)  VALUE       VALUE  FROM      YEAR
                                                  NORMAL
..................................................................
TEMPERATURE (F)
 TODAY
  MAXIMUM         69    328 PM  88    2004  67      2       63
  MINIMUM         47    418 AM  41    1955  49     -2       43
  AVERAGE         58                        58      0       53

PRECIPITATION (IN)
  TODAY            0.00          0.53 1956   0.03  -0.03     0.03
  MONTH TO DATE    1.08                      1.21  -0.13     1.63
  SINCE OCT 1     14.39                     19.54  -5.15     9.44
  SINCE JAN 1      3.17                     12.23  -9.06     7.98

SNOWFALL (IN)
  TODAY            0.0           0.0  1985
  MONTH TO DATE    0.0
  SINCE MAR 1      0.0
  SINCE JUL 1      0.0

DEGREE DAYS
 HEATING
  TODAY            7                         7      0       12
  MONTH TO DATE  200                       206     -6      169
  SINCE MAR 1    399                       537   -138      354
  SINCE JUL 1   1708                      2559   -851     2175

 COOLING
  TODAY            0                         0      0        0
  MONTH TO DATE    0                         0      0        2
  SINCE MAR 1      1                         1      0        3
  SINCE JAN 1      1                         1      0        3
..................................................................


WIND (MPH)
  RESULTANT WIND SPEED   5   RESULTANT WIND DIRECTION   W (260)
  HIGHEST WIND SPEED    20   HIGHEST WIND DIRECTION     W (250)
  HIGHEST GUST SPEED    23   HIGHEST GUST DIRECTION     W (270)
  AVERAGE WIND SPEED     7.2


SKY COVER
  POSSIBLE SUNSHINE  MM
  AVERAGE SKY COVER 0.3


WEATHER CONDITIONS
 THE FOLLOWING WEATHER WAS RECORDED TODAY.
  NO SIGNIFICANT WEATHER WAS OBSERVED.


RELATIVE HUMIDITY (PERCENT)
 HIGHEST    80           300 AM
 LOWEST     43          1100 AM
 AVERAGE    62

..........................................................


THE OAKLAND AIRPORT CLIMATE NORMALS FOR TOMORROW
                         NORMAL    RECORD    YEAR
 MAXIMUM TEMPERATURE (F)   67        88      2004
 MINIMUM TEMPERATURE (F)   50        35      1955


SUNRISE AND SUNSET
APRIL 26 2015.........SUNRISE   619 AM PDT   SUNSET   755 PM PDT
APRIL 27 2015.........SUNRISE   618 AM PDT   SUNSET   755 PM PDT


-  INDICATES NEGATIVE NUMBERS.
R  INDICATES RECORD WAS SET OR TIED.
MM INDICATES DATA IS MISSING.
T  INDICATES TRACE AMOUNT.




$$
