000
CDUS43 KOAX 210630
CLIOAX


CLIMATE REPORT
NATIONAL WEATHER SERVICE OMAHA NEBRASKA
129 AM CDT TUE APR 21 2015


...................................

...THE VALLEY  NWS, NEBRASKA CLIMATE SUMMARY FOR APRIL 20 2015...

CLIMATE NORMAL PERIOD 1981 TO 2010
CLIMATE RECORD PERIOD 1997 TO 2015


WEATHER ITEM   OBSERVED TIME   NORMAL DEPARTURE LAST
                VALUE   (LST)  VALUE  FROM      YEAR
                                      NORMAL
......................................................
TEMPERATURE (F)
 YESTERDAY
  MAXIMUM         58    316 PM  63     -5       83
  MINIMUM         40    457 AM  41     -1       58
  AVERAGE         49            52     -3       71

PRECIPITATION (IN)
  YESTERDAY        0.00          0.11  -0.11     0.02
  MONTH TO DATE    2.87          1.82   1.05     1.34
  SINCE MAR 1      3.53          3.82  -0.29     1.70
  SINCE JAN 1      5.10          5.53  -0.43     2.74

SNOWFALL (IN)
  YESTERDAY        0.0                           0.0
  MONTH TO DATE    0.2                           0.9
  SINCE JUL 1     19.3                          18.2
  SNOW DEPTH       0

DEGREE DAYS
 HEATING
  YESTERDAY       16            13      3        0
  MONTH TO DATE  221           329   -108      310
  SINCE MAR 1    873          1157   -284     1203
  SINCE JUL 1   5602          5988   -386     6263

 COOLING
  YESTERDAY        0             0      0        6
  MONTH TO DATE    4             0      4        9
  SINCE MAR 1      4             0      4        9
  SINCE JAN 1      4             0      4        9
......................................................


WIND (MPH)
  HIGHEST WIND SPEED    MM   HIGHEST WIND DIRECTION    MM
  HIGHEST GUST SPEED    40   HIGHEST GUST DIRECTION    MM


SKY COVER
  POSSIBLE SUNSHINE  MM


WEATHER CONDITIONS
 THE FOLLOWING WEATHER WAS RECORDED YESTERDAY.
  NO SIGNIFICANT WEATHER WAS OBSERVED.


..........................................................


THE VALLEY  NWS, NEBRASKA CLIMATE NORMALS FOR TODAY
                         NORMAL
 MAXIMUM TEMPERATURE (F)   64
 MINIMUM TEMPERATURE (F)   42


SUNRISE AND SUNSET
APRIL 21 2015.........SUNRISE   637 AM CDT   SUNSET   812 PM CDT
APRIL 22 2015.........SUNRISE   636 AM CDT   SUNSET   813 PM CDT


-  INDICATES NEGATIVE NUMBERS.
R  INDICATES RECORD WAS SET OR TIED.
MM INDICATES DATA IS MISSING.
T  INDICATES TRACE AMOUNT.




$$
