000
CDUS43 KOAX 050634
CLIOFK


CLIMATE REPORT
NATIONAL WEATHER SERVICE OMAHA NEBRASKA
133 AM CDT TUE MAY 5 2015


...................................

...THE NORFOLK, NEBRASKA CLIMATE SUMMARY FOR MAY 4 2015...

CLIMATE NORMAL PERIOD 1981 TO 2010
CLIMATE RECORD PERIOD 1888 TO 2015


WEATHER ITEM   OBSERVED TIME   RECORD YEAR NORMAL DEPARTURE LAST
                VALUE   (LST)  VALUE       VALUE  FROM      YEAR
                                                  NORMAL
..................................................................
TEMPERATURE (F)
 YESTERDAY
  MAXIMUM         67   1254 PM  94    1918  69     -2       65
  MINIMUM         55    634 AM  25    1907  45     10       43
  AVERAGE         61                        57      4       54

PRECIPITATION (IN)
  YESTERDAY        0.06          1.81 2003   0.11  -0.05     0.00
  MONTH TO DATE    0.10                      0.44  -0.34      T
  SINCE MAR 1      2.86                      4.86  -2.00     3.68
  SINCE JAN 1      3.74                      6.21  -2.47     4.24

SNOWFALL (IN)
  YESTERDAY        0.0                       0.0    0.0      0.0
  MONTH TO DATE    0.0                       0.1   -0.1      0.0
  SINCE JUL 1     20.7                      30.6   -9.9     19.9
  SNOW DEPTH       0

DEGREE DAYS
 HEATING
  YESTERDAY        4                         9     -5       11
  MONTH TO DATE    7                        39    -32       55
  SINCE MAR 1   1061                      1369   -308     1435
  SINCE JUL 1   6107                      6462   -355     6785

 COOLING
  YESTERDAY        0                         1     -1        0
  MONTH TO DATE   11                         4      7        0
  SINCE MAR 1     16                        16      0        2
  SINCE JAN 1     16                        16      0        2
..................................................................


WIND (MPH)
  HIGHEST WIND SPEED    21   HIGHEST WIND DIRECTION     E (070)
  HIGHEST GUST SPEED    27   HIGHEST GUST DIRECTION    NE (040)
  AVERAGE WIND SPEED    11.6


SKY COVER
  POSSIBLE SUNSHINE  MM
  AVERAGE SKY COVER 0.8


WEATHER CONDITIONS
 THE FOLLOWING WEATHER WAS RECORDED YESTERDAY.
  LIGHT RAIN


RELATIVE HUMIDITY (PERCENT)
 HIGHEST    86           800 PM
 LOWEST     32           300 AM
 AVERAGE    59

..........................................................


THE NORFOLK, NEBRASKA CLIMATE NORMALS FOR TODAY
                         NORMAL    RECORD    YEAR
 MAXIMUM TEMPERATURE (F)   69        96      1909
 MINIMUM TEMPERATURE (F)   45        28      1944


SUNRISE AND SUNSET
MAY  5 2015...........SUNRISE   621 AM CDT   SUNSET   833 PM CDT
MAY  6 2015...........SUNRISE   620 AM CDT   SUNSET   834 PM CDT


-  INDICATES NEGATIVE NUMBERS.
R  INDICATES RECORD WAS SET OR TIED.
MM INDICATES DATA IS MISSING.
T  INDICATES TRACE AMOUNT.




$$
