000
CDHW42 PHFO 251245
CLIOGG


CLIMATE REPORT
NATIONAL WEATHER SERVICE HONOLULU HI
245 AM HST SAT APR 25 2015


...................................

...THE KAHULUI HI CLIMATE SUMMARY FOR APRIL 24 2015...

CLIMATE NORMAL PERIOD 1981 TO 2010
CLIMATE RECORD PERIOD 1946 TO 2015


WEATHER ITEM   OBSERVED TIME   RECORD YEAR NORMAL DEPARTURE LAST
                VALUE   (LST)  VALUE       VALUE  FROM      YEAR
                                                  NORMAL
..................................................................
TEMPERATURE (F)
 YESTERDAY
  MAXIMUM         90R  1236 PM  90    1984  83      7       83
  MINIMUM         64    553 AM  59    2006  66     -2       72
  AVERAGE         77                        74      3       78

PRECIPITATION (IN)
  YESTERDAY        0.00          0.30 2009   0.04  -0.04     0.03
  MONTH TO DATE    0.25                      1.36  -1.11     2.08
  SINCE MAR 1      9.86                      3.81   6.05     5.83
  SINCE JAN 1     14.17                      8.57   5.60    12.48

SNOWFALL (IN)
  YESTERDAY        0.0
  MONTH TO DATE    0.0
  SINCE MAR 1      0.0
  SINCE JUL 1      0.0
  SNOW DEPTH       0

DEGREE DAYS
 HEATING
  YESTERDAY        0                         0      0        0
  MONTH TO DATE    0                         0      0        0
  SINCE MAR 1      0                         0      0        0
  SINCE JUL 1      0                         0      0        0

 COOLING
  YESTERDAY       12                         9      3       13
  MONTH TO DATE  281                       216     65      254
  SINCE MAR 1    507                       461     46      547
  SINCE JAN 1    911                       870     41     1058
..................................................................


WIND (MPH)
  HIGHEST WIND SPEED    17   HIGHEST WIND DIRECTION     E (70)
  HIGHEST GUST SPEED    23   HIGHEST GUST DIRECTION     E (80)
  AVERAGE WIND SPEED     6.4


SKY COVER
  POSSIBLE SUNSHINE  MM
  AVERAGE SKY COVER 0.2


WEATHER CONDITIONS
 THE FOLLOWING WEATHER WAS RECORDED YESTERDAY.
  NO SIGNIFICANT WEATHER WAS OBSERVED.


RELATIVE HUMIDITY (PERCENT)
 HIGHEST    87           600 AM
 LOWEST     41           100 PM
 AVERAGE    64

..........................................................


THE KAHULUI HI CLIMATE NORMALS FOR TODAY
                         NORMAL    RECORD    YEAR
 MAXIMUM TEMPERATURE (F)   83        89      1951
 MINIMUM TEMPERATURE (F)   66        60      1985
                                             1972
                                             1956


SUNRISE AND SUNSET
APRIL 25 2015.........SUNRISE   559 AM HST   SUNSET   648 PM HST
APRIL 26 2015.........SUNRISE   559 AM HST   SUNSET   649 PM HST


-  INDICATES NEGATIVE NUMBERS.
R  INDICATES RECORD WAS SET OR TIED.
MM INDICATES DATA IS MISSING.
T  INDICATES TRACE AMOUNT.




$$
