000
CDUS44 KOUN 252213
CLIOKC

CLIMATE REPORT
NATIONAL WEATHER SERVICE NORMAN OK
513 PM CDT SAT APR 25 2015


...................................

...THE OKLAHOMA CITY CLIMATE SUMMARY FOR APRIL 25 2015...
VALID TODAY AS OF 0500 PM LOCAL TIME.

CLIMATE NORMAL PERIOD 1981 TO 2010
CLIMATE RECORD PERIOD 1890 TO 2015


WEATHER ITEM   OBSERVED TIME   RECORD YEAR NORMAL DEPARTURE LAST
                VALUE   (LST)  VALUE       VALUE  FROM      YEAR
                                                  NORMAL
..................................................................
TEMPERATURE (F)
 TODAY
  MAXIMUM         83    359 PM  91    1939  75      8       83
  MINIMUM         50    622 AM  35    2013  53     -3       44
                                      1910
  AVERAGE         67                        64      3       64

PRECIPITATION (IN)
  TODAY            0.00          3.79 1999   0.13  -0.13     0.00
  MONTH TO DATE    2.53                      2.42   0.11     0.85
  SINCE JAN 1      7.36                      8.45  -1.09     2.54

SNOWFALL (IN)
  TODAY            0.0           0.0    MM   0.0    0.0      0.0
  MONTH TO DATE    0.0                       0.0    0.0       T
  SINCE JUL 1     13.6                       7.6    6.0     10.2
  SNOW DEPTH       0

DEGREE DAYS
 HEATING
  TODAY            0                         4     -4        1
  MONTH TO DATE   91                       158    -67      138
  SINCE JUL 1   3222                      3317    -95     3740

 COOLING
  TODAY            2                         2      0        0
  MONTH TO DATE   52                        38     14       35
  SINCE JAN 1     62                        51     11       46
..................................................................


WIND (MPH)
  HIGHEST WIND SPEED    17   HIGHEST WIND DIRECTION    SW (230)
  HIGHEST GUST SPEED    22   HIGHEST GUST DIRECTION     S (190)
  AVERAGE WIND SPEED     8.9


SKY COVER
  AVERAGE SKY COVER 0.1


WEATHER CONDITIONS
 THE FOLLOWING WEATHER WAS RECORDED TODAY.
  NO SIGNIFICANT WEATHER WAS OBSERVED.


RELATIVE HUMIDITY (PERCENT)
 HIGHEST    90          1200 AM
 LOWEST     33           200 PM
 AVERAGE    62

..........................................................


THE OKLAHOMA CITY CLIMATE NORMALS FOR TOMORROW
                         NORMAL    RECORD    YEAR
 MAXIMUM TEMPERATURE (F)   75        92      1896
 MINIMUM TEMPERATURE (F)   53        35      1907


SUNRISE AND SUNSET
APRIL 25 2015.........SUNRISE   646 AM CDT   SUNSET   811 PM CDT
APRIL 26 2015.........SUNRISE   645 AM CDT   SUNSET   812 PM CDT


-  INDICATES NEGATIVE NUMBERS.
R  INDICATES RECORD WAS SET OR TIED.
MM INDICATES DATA IS MISSING.
T  INDICATES TRACE AMOUNT.

$$
