000
CDUS45 KBOI 200931
CLIONO


CLIMATE REPORT
NATIONAL WEATHER SERVICE BOISE ID
331 AM MDT MON APR 20 2015


...................................

...THE ONTARIO OR CLIMATE SUMMARY FOR APRIL 19 2015...

CLIMATE NORMAL PERIOD 1981 TO 2010
CLIMATE RECORD PERIOD 1948 TO 2015


WEATHER ITEM   OBSERVED TIME   RECORD YEAR NORMAL DEPARTURE LAST
                VALUE   (LST)  VALUE       VALUE  FROM      YEAR
                                                  NORMAL
..................................................................
TEMPERATURE (F)
 YESTERDAY
  MAXIMUM         74    458 PM  88    1962  66      8       78
  MINIMUM         41    633 AM  24    1966  36      5       32
  AVERAGE         58                        51      7       55

PRECIPITATION (IN)
  YESTERDAY        0.00          0.32 1963   0.02  -0.02     0.00
  MONTH TO DATE    0.47                      0.50  -0.03     0.19
  SINCE OCT 1      6.83                      6.90  -0.07     4.88
  SINCE JAN 1      2.37                      3.49  -1.12     3.37

DEGREE DAYS
 HEATING
  YESTERDAY        7                        14     -7       10
  MONTH TO DATE  293                       304    -11      241
  SINCE MAR 1    816                       974   -158      829
  SINCE JUL 1   4610                      5604   -994     5585

 COOLING
  YESTERDAY        0                         0      0        0
  MONTH TO DATE    0                         0      0        0
  SINCE MAR 1      0                         0      0        0
  SINCE JAN 1      0                         0      0        0
..................................................................


WIND (MPH)
  HIGHEST WIND SPEED    14   HIGHEST WIND DIRECTION     W (250)
  HIGHEST GUST SPEED    15   HIGHEST GUST DIRECTION     W (290)
  AVERAGE WIND SPEED     4.9


SKY COVER
  AVERAGE SKY COVER 0.0


WEATHER CONDITIONS
 THE FOLLOWING WEATHER WAS RECORDED YESTERDAY.
  NO SIGNIFICANT WEATHER WAS OBSERVED.


RELATIVE HUMIDITY (PERCENT)
 HIGHEST    56          1000 PM
 LOWEST     16           100 PM
 AVERAGE    36

..........................................................


THE ONTARIO OR CLIMATE NORMALS FOR TODAY
                         NORMAL    RECORD    YEAR
 MAXIMUM TEMPERATURE (F)   66        87      1956
 MINIMUM TEMPERATURE (F)   37        21      1961


SUNRISE AND SUNSET
APRIL 20 2015.........SUNRISE   657 AM MDT   SUNSET   838 PM MDT
APRIL 21 2015.........SUNRISE   655 AM MDT   SUNSET   839 PM MDT


-  INDICATES NEGATIVE NUMBERS.
R  INDICATES RECORD WAS SET OR TIED.
MM INDICATES DATA IS MISSING.
T  INDICATES TRACE AMOUNT.




$$
