000
CDUS46 KSGX 070017
CLIONT


CLIMATE REPORT
NATIONAL WEATHER SERVICE SAN DIEGO, CA
517 PM PDT WED MAY 6 2015


...................................

...THE ONTARIO INTL AIRPORT CA CLIMATE SUMMARY FOR MAY 6 2015...
VALID TODAY AS OF 0500 PM LOCAL TIME.

CLIMATE NORMAL PERIOD 1981 TO 2010
CLIMATE RECORD PERIOD 1998 TO 2015


WEATHER ITEM   OBSERVED TIME   RECORD YEAR NORMAL DEPARTURE LAST
                VALUE   (LST)  VALUE       VALUE  FROM      YEAR
                                                  NORMAL
..................................................................
TEMPERATURE (F)
 TODAY
  MAXIMUM         66    320 PM  91    2011  77    -11       68
  MINIMUM         54    102 AM  45    1999  54      0       53
  AVERAGE         60                        66     -6       61

PRECIPITATION (IN)
  TODAY            0.00          0.37 2013   0.02  -0.02      T
  MONTH TO DATE    0.00                      0.10  -0.10      T
  SINCE OCT 1      8.93                     14.23  -5.30     4.30
  SINCE JAN 1      3.29                     10.06  -6.77     3.42

SNOWFALL (IN)
  TODAY            0.0
  MONTH TO DATE    0.0
  SINCE MAR 1      0.0
  SINCE JUL 1      0.0
  SNOW DEPTH       0

DEGREE DAYS
 HEATING
  TODAY            5                         2      3        4
  MONTH TO DATE    9                        12     -3        4
  SINCE MAR 1    122                       348   -226      140
  SINCE JUL 1    722                      1505   -783      826

 COOLING
  TODAY            0                         3     -3        0
  MONTH TO DATE   25                        17      8       52
  SINCE MAR 1    221                        70    151      192
  SINCE JAN 1    251                        76    175      222
..................................................................


WIND (MPH)
  RESULTANT WIND SPEED   6   RESULTANT WIND DIRECTION   W (260)
  HIGHEST WIND SPEED    17   HIGHEST WIND DIRECTION    SW (220)
  HIGHEST GUST SPEED    23   HIGHEST GUST DIRECTION    SW (220)
  AVERAGE WIND SPEED     7.0


SKY COVER
  POSSIBLE SUNSHINE  MM
  AVERAGE SKY COVER 1.0


WEATHER CONDITIONS
 THE FOLLOWING WEATHER WAS RECORDED TODAY.
  NO SIGNIFICANT WEATHER WAS OBSERVED.


RELATIVE HUMIDITY (PERCENT)
 HIGHEST    77          1200 AM
 LOWEST     45           100 PM
 AVERAGE    61

..........................................................


THE ONTARIO INTL AIRPORT CA CLIMATE NORMALS FOR TOMORROW
                         NORMAL    RECORD    YEAR
 MAXIMUM TEMPERATURE (F)   78        94      2009
 MINIMUM TEMPERATURE (F)   55        50      2012


SUNRISE AND SUNSET
MAY  6 2015...........SUNRISE   557 AM PDT   SUNSET   738 PM PDT
MAY  7 2015...........SUNRISE   556 AM PDT   SUNSET   739 PM PDT


-  INDICATES NEGATIVE NUMBERS.
R  INDICATES RECORD WAS SET OR TIED.
MM INDICATES DATA IS MISSING.
T  INDICATES TRACE AMOUNT.




$$
