000
CDUS41 KAKQ 192132
CLIORF


CLIMATE REPORT
NATIONAL WEATHER SERVICE WAKEFIELD, VA
532 PM EDT SUN APR 19 2015


...................................

...THE NORFOLK VA CLIMATE SUMMARY FOR APRIL 19 2015...
VALID TODAY AS OF 0500 PM LOCAL TIME.

CLIMATE NORMAL PERIOD 1981 TO 2010
CLIMATE RECORD PERIOD 1871 TO 2015


WEATHER ITEM   OBSERVED TIME   RECORD YEAR NORMAL DEPARTURE LAST
                VALUE   (LST)  VALUE       VALUE  FROM      YEAR
                                                  NORMAL
..................................................................
TEMPERATURE (F)
 TODAY
  MAXIMUM         67   1041 AM  92    1995  69     -2       51
                                      1985
                                      1896
  MINIMUM         55    534 AM  27    1875  50      5       46
  AVERAGE         61

PRECIPITATION (IN)
  TODAY            T             1.45 1900   0.11  -0.11     0.10
  MONTH TO DATE    2.07                      2.17  -0.10     3.34
  SINCE MAR 1      4.76                      5.85  -1.09     7.16
  SINCE JAN 1     10.94                     12.37  -1.43    13.45

SNOWFALL (IN)
  TODAY            0.0
  MONTH TO DATE    0.0
  SINCE NOV 1     12.7
  SINCE JUL 1     12.7
  SNOW DEPTH       0

DEGREE DAYS
 HEATING
  TODAY            4                         7     -3       16
  MONTH TO DATE  112                       175    -63      159
  SINCE MAR 1    651                       667    -16      733
  SINCE JUL 1   3487                      3236    251     3344

 COOLING
  TODAY            0                         1     -1        0
  MONTH TO DATE   16                        19     -3       18
  SINCE MAR 1     18                        25     -7       19
  SINCE JAN 1     18                        26     -8       19
..................................................................


WIND (MPH)
  RESULTANT WIND SPEED   6   RESULTANT WIND DIRECTION  NE (60)
  HIGHEST WIND SPEED    18   HIGHEST WIND DIRECTION     N (20)
  HIGHEST GUST SPEED    23   HIGHEST GUST DIRECTION    NE (30)


SKY COVER
  POSSIBLE SUNSHINE  MM
  AVERAGE SKY COVER 0.3


WEATHER CONDITIONS
 THE FOLLOWING WEATHER WAS RECORDED TODAY.
  FOG
  FOG W/VISIBILITY <= 1/4 MILE


RELATIVE HUMIDITY (PERCENT)
 HIGHEST    93
 LOWEST     67
 AVERAGE    80

..........................................................


THE NORFOLK VA CLIMATE NORMALS FOR TOMORROW
                         NORMAL    RECORD    YEAR
 MAXIMUM TEMPERATURE (F)   69        91      1941
 MINIMUM TEMPERATURE (F)   50        33      1926


SUNRISE AND SUNSET
APRIL 19 2015.........SUNRISE   626 AM EDT   SUNSET   743 PM EDT
APRIL 20 2015.........SUNRISE   624 AM EDT   SUNSET   744 PM EDT


-  INDICATES NEGATIVE NUMBERS.
R  INDICATES RECORD WAS SET OR TIED.
MM INDICATES DATA IS MISSING.
T  INDICATES TRACE AMOUNT.




$$
