000
CDUS46 KMFR 250843
CLIOTH


CLIMATE REPORT
NATIONAL WEATHER SERVICE MEDFORD, OR
143 AM PDT SAT APR 25 2015


...................................

...THE NORTH BEND OR CLIMATE SUMMARY FOR APRIL 24 2015...

CLIMATE NORMAL PERIOD 1981 TO 2010
CLIMATE RECORD PERIOD 1902 TO 2015


WEATHER ITEM   OBSERVED TIME   RECORD YEAR NORMAL DEPARTURE LAST
                VALUE   (LST)  VALUE       VALUE  FROM      YEAR
                                                  NORMAL
..................................................................
TEMPERATURE (F)
 YESTERDAY
  MAXIMUM         57        MM  75    2013  56      1       57
                                      1926
  MINIMUM         45    200 AM  28    1924  44      1       46
  AVERAGE         51                        50      1       52

PRECIPITATION (IN)
  YESTERDAY        0.17          0.92 1975   0.15   0.02     0.62
  MONTH TO DATE    2.78                      4.37  -1.59     3.00
  SINCE OCT 1     41.64                     56.07 -14.43    24.69
  SINCE JAN 1     18.34                     29.98 -11.64    19.07

SNOWFALL (IN)
  YESTERDAY       MM
  SNOW DEPTH      MM

DEGREE DAYS
 HEATING
  YESTERDAY       14                        15     -1       13
  MONTH TO DATE  382                       388     -6      334
  SINCE MAR 1    785                       926   -141      770
  SINCE JUL 1   2889                      4100  -1211     3567

 COOLING
  YESTERDAY        0                         0      0        0
  MONTH TO DATE    0                         0      0        0
  SINCE MAR 1      0                         0      0        0
  SINCE JAN 1      0                         0      0        0
..................................................................


WIND (MPH)
  HIGHEST WIND SPEED    16   HIGHEST WIND DIRECTION    SW (240)
  HIGHEST GUST SPEED    24   HIGHEST GUST DIRECTION    SW (240)
  AVERAGE WIND SPEED     8.7


SKY COVER
  POSSIBLE SUNSHINE  MM
  AVERAGE SKY COVER 0.9


WEATHER CONDITIONS
 THE FOLLOWING WEATHER WAS RECORDED YESTERDAY.
  NO SIGNIFICANT WEATHER WAS OBSERVED.


RELATIVE HUMIDITY (PERCENT)
 HIGHEST   100
 LOWEST     62           200 PM

..........................................................


THE NORTH BEND OR CLIMATE NORMALS FOR TODAY
                         NORMAL    RECORD    YEAR
 MAXIMUM TEMPERATURE (F)   56        81      1924
 MINIMUM TEMPERATURE (F)   44        31      1918


SUNRISE AND SUNSET
APRIL 25 2015.........SUNRISE   619 AM PDT   SUNSET   812 PM PDT
APRIL 26 2015.........SUNRISE   617 AM PDT   SUNSET   813 PM PDT


-  INDICATES NEGATIVE NUMBERS.
R  INDICATES RECORD WAS SET OR TIED.
MM INDICATES DATA IS MISSING.
T  INDICATES TRACE AMOUNT.




$$
