000
CDUS45 KRIW 040031
CLIP60


CLIMATE REPORT
NATIONAL WEATHER SERVICE RIVERTON WY
631 PM MDT SUN MAY 3 2015


...................................

...THE LAKE YELLOWSTONE WY CLIMATE SUMMARY FOR MAY 3 2015...
VALID TODAY AS OF 0500 PM LOCAL TIME.

CLIMATE NORMAL PERIOD 1981 TO 2010
CLIMATE RECORD PERIOD 1998 TO 2015


WEATHER ITEM   OBSERVED TIME   RECORD YEAR NORMAL DEPARTURE LAST
                VALUE   (LST)  VALUE       VALUE  FROM      YEAR
                                                  NORMAL
..................................................................
TEMPERATURE (F)
 TODAY
  MAXIMUM         59R       MM  59    2004  48     11       58
  MINIMUM         27        MM  15    2008  25      2       27
                                      2006
  AVERAGE         43

PRECIPITATION (IN)
  TODAY            0.00          0.44 2010   0.07  -0.07     0.00
  MONTH TO DATE    0.00                      0.21  -0.21     0.00
  SINCE MAR 1      1.74                      3.50  -1.76     8.36
  SINCE JAN 1      4.63                      7.02  -2.39    13.44

DEGREE DAYS
 HEATING
  TODAY           22                        29     -7       22
  MONTH TO DATE   67                        87    -20       73
  SINCE MAR 1   2229                      2401   -172     2560
  SINCE JUL 1   9793                     10338   -545    10613

 COOLING
  TODAY            0                         0      0        0
  MONTH TO DATE    0                         0      0        0
  SINCE MAR 1      0                         0      0        0
  SINCE JAN 1      0                         0      0        0
..................................................................


WIND (MPH)
  HIGHEST WIND SPEED     9   HIGHEST WIND DIRECTION     W (280)
  HIGHEST GUST SPEED    21   HIGHEST GUST DIRECTION     E (99)
  AVERAGE WIND SPEED     2.9


SKY COVER
  POSSIBLE SUNSHINE  MM
  AVERAGE SKY COVER 0.0


WEATHER CONDITIONS
 THE FOLLOWING WEATHER WAS RECORDED TODAY.
  NO SIGNIFICANT WEATHER WAS OBSERVED.


RELATIVE HUMIDITY (PERCENT)
 HIGHEST    81           500 AM
 LOWEST     23           200 PM
 AVERAGE    52

..........................................................


THE LAKE YELLOWSTONE WY CLIMATE NORMALS FOR TOMORROW
                         NORMAL    RECORD    YEAR
 MAXIMUM TEMPERATURE (F)   48        64      2004
 MINIMUM TEMPERATURE (F)   25        14      2001


SUNRISE AND SUNSET
MAY  3 2015...........SUNRISE   609 AM MDT   SUNSET   828 PM MDT
MAY  4 2015...........SUNRISE   608 AM MDT   SUNSET   830 PM MDT


-  INDICATES NEGATIVE NUMBERS.
R  INDICATES RECORD WAS SET OR TIED.
MM INDICATES DATA IS MISSING.
T  INDICATES TRACE AMOUNT.




$$
