000
CDUS42 KFFC 210817
CLIPDK


CLIMATE REPORT
NATIONAL WEATHER SERVICE PEACHTREE CITY GA
417 AM EDT TUE APR 21 2015


...................................

...THE DEKALB PEACHTREE AIRPORT CLIMATE SUMMARY FOR APRIL 20 2015...

CLIMATE NORMAL PERIOD 1981 TO 2010
CLIMATE RECORD PERIOD 9999 TO 9999


WEATHER ITEM   OBSERVED TIME   RECORD YEAR NORMAL DEPARTURE LAST
                VALUE   (LST)  VALUE       VALUE  FROM      YEAR
                                                  NORMAL
..................................................................
TEMPERATURE (F)
 YESTERDAY
  MAXIMUM         76    423 PM  MM      MM  75      1       74
  MINIMUM         58   1159 PM  MM      MM  51      7       46
  AVERAGE         67                        63      4       60

PRECIPITATION (IN)
  YESTERDAY        0.04         MM      MM   0.12  -0.08     0.00
  MONTH TO DATE    4.03                      2.29   1.74     5.43
  SINCE MAR 1      6.50                      7.27  -0.77     8.35
  SINCE JAN 1     13.28                     17.08  -3.80    14.71

SNOWFALL (IN)
  YESTERDAY       MM            MM      MM  MM     MM       MM
  MONTH TO DATE    0.0                      MM     MM        0.0
  SINCE MAR 1      0.0                      MM     MM        0.0
  SINCE JUL 1      T                        MM     MM         T
  SNOW DEPTH      MM

DEGREE DAYS
 HEATING
  YESTERDAY        0                         4     -4        5
  MONTH TO DATE   45                       116    -71      140
  SINCE MAR 1    346                       484   -138      597
  SINCE JUL 1   3034                      2885    149     3245

 COOLING
  YESTERDAY        2                         2      0        0
  MONTH TO DATE   44                        21     23       12
  SINCE MAR 1     44                        28     16       12
  SINCE JAN 1     44                        28     16       12
..................................................................


WIND (MPH)
  RESULTANT WIND SPEED  10   RESULTANT WIND DIRECTION  SW (240)
  HIGHEST WIND SPEED    24   HIGHEST WIND DIRECTION    SW (210)
  HIGHEST GUST SPEED    32   HIGHEST GUST DIRECTION     W (290)
  AVERAGE WIND SPEED    12.0


SKY COVER
  AVERAGE SKY COVER 0.6


WEATHER CONDITIONS
 THE FOLLOWING WEATHER WAS RECORDED YESTERDAY.
  THUNDERSTORM
  LIGHT RAIN


RELATIVE HUMIDITY (PERCENT)
 HIGHEST   100           100 AM
 LOWEST     46           500 PM
 AVERAGE    73

..........................................................


THE DEKALB PEACHTREE AIRPORT CLIMATE NORMALS FOR TODAY
                         NORMAL    RECORD    YEAR
 MAXIMUM TEMPERATURE (F)   75        MM        MM
 MINIMUM TEMPERATURE (F)   51        MM        MM


SUNRISE AND SUNSET
APRIL 21 2015.........SUNRISE   700 AM EDT   SUNSET   813 PM EDT
APRIL 22 2015.........SUNRISE   658 AM EDT   SUNSET   814 PM EDT


-  INDICATES NEGATIVE NUMBERS.
R  INDICATES RECORD WAS SET OR TIED.
MM INDICATES DATA IS MISSING.
T  INDICATES TRACE AMOUNT.




$$
