000
CDUS46 KPDT 010827
CLIPDT

CLIMATE REPORT
NATIONAL WEATHER SERVICE PENDLETON OR
126 AM PDT WED APR 1 2015


...................................

...THE PENDLETON OR CLIMATE SUMMARY FOR MARCH 31 2015...

CLIMATE NORMAL PERIOD 1981 TO 2010
CLIMATE RECORD PERIOD 1890 TO 2015


WEATHER ITEM   OBSERVED TIME   RECORD YEAR NORMAL DEPARTURE LAST
                VALUE   (LST)  VALUE       VALUE  FROM      YEAR
                                                  NORMAL
..................................................................
TEMPERATURE (F)
 YESTERDAY
  MAXIMUM         57    312 PM  82    1923  59     -2       59
  MINIMUM         42   1159 PM  21    1936  38      4       32
  AVERAGE         50                        48      2       46

PRECIPITATION (IN)
  YESTERDAY        T             0.75 1931   0.04  -0.04      T
  MONTH TO DATE    1.19                      1.32  -0.13     2.26
  SINCE OCT 1      7.44                      7.86  -0.42     6.41
  SINCE JAN 1      2.74                      3.86  -1.12     4.62

SNOWFALL (IN)
  YESTERDAY       MM             0.0  2002   0.0   MM       MM
                                      2001
                                      2000
  MONTH TO DATE    0.0                       0.7   -0.7      1.0
  SINCE JAN 1      0.4                       7.7   -7.3     15.2
  SINCE JUL 1      7.2                      15.2   -8.0     21.7
  SNOW DEPTH       0

DEGREE DAYS
 HEATING
  YESTERDAY       15                        17     -2       19
  MONTH TO DATE  470                       617   -147      601
  SINCE MAR 1    470                       617   -147      601
  SINCE JUL 1   3963                      4516   -553     4866

 COOLING
  YESTERDAY        0                         0      0        0
  MONTH TO DATE    0                         0      0        0
  SINCE MAR 1      0                         0      0        0
  SINCE JAN 1      0                         0      0        0
..................................................................


WIND (MPH)
  HIGHEST WIND SPEED    33   HIGHEST WIND DIRECTION     W (270)
  HIGHEST GUST SPEED    41   HIGHEST GUST DIRECTION     W (270)
  AVERAGE WIND SPEED    19.6


SKY COVER
  POSSIBLE SUNSHINE  MM
  AVERAGE SKY COVER 0.5


WEATHER CONDITIONS
THE FOLLOWING WEATHER WAS RECORDED YESTERDAY.
  LIGHT RAIN


RELATIVE HUMIDITY (PERCENT)
 HIGHEST    77          1200 AM
 LOWEST     35           200 PM
 AVERAGE    56

..........................................................


THE PENDLETON OR CLIMATE NORMALS FOR TODAY
                         NORMAL    RECORD    YEAR
 MAXIMUM TEMPERATURE (F)   59        76      1921
                                             1900
 MINIMUM TEMPERATURE (F)   38        18      1936


SUNRISE AND SUNSET
APRIL  1 2015.........SUNRISE   636 AM PDT   SUNSET   723 PM PDT
APRIL  2 2015.........SUNRISE   634 AM PDT   SUNSET   725 PM PDT


-  INDICATES NEGATIVE NUMBERS.
R  INDICATES RECORD WAS SET OR TIED.
MM INDICATES DATA IS MISSING.
T  INDICATES TRACE AMOUNT.




$$
