000
CDUS41 KPBZ 030704
CLIPHD


CLIMATE REPORT
NATIONAL WEATHER SERVICE PITTSBURGH PA
304 AM EDT SUN MAY 3 2015


...................................

...THE NEW PHILADELPHIA OH CLIMATE SUMMARY FOR MAY 2 2015...

CLIMATE NORMAL PERIOD 1981 TO 2010
CLIMATE RECORD PERIOD 1946 TO 2015


WEATHER ITEM   OBSERVED TIME   RECORD YEAR NORMAL DEPARTURE LAST
                VALUE   (LST)  VALUE       VALUE  FROM      YEAR
                                                  NORMAL
..................................................................
TEMPERATURE (F)
 YESTERDAY
  MAXIMUM         78    246 PM  88    1970  68     10       55
  MINIMUM         41            25    1963  43     -2       47
  AVERAGE         60                        56      4       51

PRECIPITATION (IN)
  YESTERDAY        0.00         MM      MM   0.10  -0.10      T
  MONTH TO DATE    0.01                      0.21  -0.20     0.07
  SINCE JUN 1     34.99                     34.94   0.05    36.50
  SINCE JAN 1     10.26                     11.64  -1.38    11.86

DEGREE DAYS
 HEATING
  YESTERDAY        5                         9     -4       14
  MONTH TO DATE   11                        19     -8       24
  SINCE MAR 1   1203                      1227    -24     1395
  SINCE JUL 1   5821                      5434    387     6028

 COOLING
  YESTERDAY        0                         0      0        0
  MONTH TO DATE    0                         0      0        0
  SINCE MAR 1      3                         7     -4        1
  SINCE JAN 1      3                         7     -4        1
..................................................................


WIND (MPH)
  HIGHEST WIND SPEED    13   HIGHEST WIND DIRECTION     W (270)
  HIGHEST GUST SPEED    17   HIGHEST GUST DIRECTION    NW (310)
  AVERAGE WIND SPEED     2.8


SKY COVER
  POSSIBLE SUNSHINE  MM
  AVERAGE SKY COVER 0.2


WEATHER CONDITIONS
 THE FOLLOWING WEATHER WAS RECORDED YESTERDAY.
  FOG
  HAZE


RELATIVE HUMIDITY (PERCENT)
 HIGHEST    82           400 AM
 LOWEST     25           400 PM
 AVERAGE    54

..........................................................


THE NEW PHILADELPHIA OH CLIMATE NORMALS FOR TODAY
                         NORMAL    RECORD    YEAR
 MAXIMUM TEMPERATURE (F)   69        89      2012
 MINIMUM TEMPERATURE (F)   44        27      1978


SUNRISE AND SUNSET
MAY  3 2015...........SUNRISE   623 AM EDT   SUNSET   823 PM EDT
MAY  4 2015...........SUNRISE   621 AM EDT   SUNSET   824 PM EDT


-  INDICATES NEGATIVE NUMBERS.
R  INDICATES RECORD WAS SET OR TIED.
MM INDICATES DATA IS MISSING.
T  INDICATES TRACE AMOUNT.




$$
