000
CDUS41 KPHI 010628
CLIPHL


CLIMATE REPORT
NATIONAL WEATHER SERVICE MOUNT HOLLY NJ
228 AM EDT WED APR 1 2015


...................................

...THE PHILADELPHIA PA CLIMATE SUMMARY FOR MARCH 31 2015...

CLIMATE NORMAL PERIOD 1981 TO 2010
CLIMATE RECORD PERIOD 1872 TO 2015


WEATHER ITEM   OBSERVED TIME   RECORD YEAR NORMAL DEPARTURE LAST
                VALUE   (LST)  VALUE       VALUE  FROM      YEAR
                                                  NORMAL
..................................................................
TEMPERATURE (F)
 YESTERDAY
  MAXIMUM         59    331 PM  81    1998  58      1       60
                                      1979
  MINIMUM         37    547 AM  21    1923  39     -2       37
  AVERAGE         48                        48      0       49

PRECIPITATION (IN)
  YESTERDAY        0.06          1.57 1980   0.13  -0.07     0.01
  MONTH TO DATE    5.52                      3.79   1.73     4.23
  SINCE MAR 1      5.52                      3.79   1.73     4.23
  SINCE JAN 1     12.40                      9.47   2.93    12.90

SNOWFALL (IN)
  YESTERDAY        0.0           2.5  1890   0.0    0.0      0.0
  MONTH TO DATE   12.0                       2.9    9.1      8.5
  SINCE MAR 1     12.0                       2.9    9.1      8.5
  SINCE JUL 1     27.0                      21.9    5.1     68.0
  SNOW DEPTH       0

DEGREE DAYS
 HEATING
  YESTERDAY       17                        17      0       16
  MONTH TO DATE  793                       667    126      801
  SINCE MAR 1    793                       665    128      801
  SINCE JUL 1   4446                      4147    299     4457

 COOLING
  YESTERDAY        0                         0      0        0
  MONTH TO DATE    0                         1     -1        0
  SINCE MAR 1      0                         1     -1        0
  SINCE JAN 1      0                         1     -1        0
..................................................................


WIND (MPH)
  HIGHEST WIND SPEED    20   HIGHEST WIND DIRECTION     N (20)
  HIGHEST GUST SPEED    27   HIGHEST GUST DIRECTION     N (340)
  AVERAGE WIND SPEED     8.6


SKY COVER
  POSSIBLE SUNSHINE  MM
  AVERAGE SKY COVER 0.7


WEATHER CONDITIONS
 THE FOLLOWING WEATHER WAS RECORDED YESTERDAY.
  LIGHT RAIN


RELATIVE HUMIDITY (PERCENT)
 HIGHEST    85           900 PM
 LOWEST     32          1200 PM
 AVERAGE    59

..........................................................


THE PHILADELPHIA PA CLIMATE NORMALS FOR TODAY
                         NORMAL    RECORD    YEAR
 MAXIMUM TEMPERATURE (F)   59        81      1978
                                             1917
 MINIMUM TEMPERATURE (F)   39        14      1923


SUNRISE AND SUNSET
APRIL  1 2015.........SUNRISE   645 AM EDT   SUNSET   725 PM EDT
APRIL  2 2015.........SUNRISE   644 AM EDT   SUNSET   726 PM EDT


-  INDICATES NEGATIVE NUMBERS.
R  INDICATES RECORD WAS SET OR TIED.
MM INDICATES DATA IS MISSING.
T  INDICATES TRACE AMOUNT.




$$
