000
CDUS43 KABR 242234
CLIPIR


CLIMATE REPORT
NATIONAL WEATHER SERVICE ABERDEEN SD
532 PM CDT FRI APR 24 2015


...................................

...THE PIERRE SD CLIMATE SUMMARY FOR APRIL 24 2015...
VALID TODAY AS OF 0500 PM LOCAL TIME.

CLIMATE NORMAL PERIOD 1981 TO 2010
CLIMATE RECORD PERIOD 1892 TO 2015


WEATHER ITEM   OBSERVED TIME   RECORD YEAR NORMAL DEPARTURE LAST
                VALUE   (LST)  VALUE       VALUE  FROM      YEAR
                                                  NORMAL
..................................................................
TEMPERATURE (F)
 TODAY
  MAXIMUM         76    348 PM  93    1962  64     12       67
  MINIMUM         49    627 AM  25    1934  37     12       42
  AVERAGE         63                        50     13       55

PRECIPITATION (IN)
  TODAY            0.00          1.03 1990   0.08  -0.08     0.00
  MONTH TO DATE    0.24                      1.36  -1.12     0.07
  SINCE MAR 1      0.57                      2.59  -2.02     1.06
  SINCE JAN 1      0.92                      3.60  -2.68     1.63

SNOWFALL (IN)
  TODAY            0.0
  MONTH TO DATE    0.0
  SINCE OCT 1     27.1
  SINCE JUL 1     27.1
  SNOW DEPTH       0

DEGREE DAYS
 HEATING
  TODAY            2                        15    -13       10
  MONTH TO DATE  397                       465    -68      493
  SINCE MAR 1   1143                      1412   -269     1566
  SINCE JUL 1   6652                      6910   -258     7561

 COOLING
  TODAY            0                         0      0        0
  MONTH TO DATE    0                         0      0        0
  SINCE MAR 1      5                         0      5        0
  SINCE JAN 1      5                         0      5        0
..................................................................


WIND (MPH)
  HIGHEST GUST SPEED    22   HIGHEST GUST DIRECTION    SE (140)




..........................................................


THE PIERRE SD CLIMATE NORMALS FOR TOMORROW
                         NORMAL    RECORD    YEAR
 MAXIMUM TEMPERATURE (F)   64        94      1962
 MINIMUM TEMPERATURE (F)   38        22      2013


SUNRISE AND SUNSET
APRIL 24 2015.........SUNRISE   643 AM CDT   SUNSET   836 PM CDT
APRIL 25 2015.........SUNRISE   641 AM CDT   SUNSET   838 PM CDT


-  INDICATES NEGATIVE NUMBERS.
R  INDICATES RECORD WAS SET OR TIED.
MM INDICATES DATA IS MISSING.
T  INDICATES TRACE AMOUNT.




$$
