000
CDUS41 KPBZ 190702
CLIPIT

CLIMATE REPORT
NATIONAL WEATHER SERVICE PITTSBURGH PA
302 AM EDT SUN APR 19 2015

...................................

...THE PITTSBURGH PA CLIMATE SUMMARY FOR APRIL 18 2015...

CLIMATE NORMAL PERIOD 1981 TO 2010
CLIMATE RECORD PERIOD 1871 TO 2015

WEATHER ITEM   OBSERVED TIME   RECORD YEAR NORMAL DEPARTURE LAST
                VALUE   (LST)  VALUE       VALUE  FROM      YEAR
                                                  NORMAL
..................................................................
TEMPERATURE (F)
 YESTERDAY
  MAXIMUM         78    304 PM  90    1896  63     15       69
  MINIMUM         45    557 AM  14    1875  41      4       41
  AVERAGE         62                        52     10       55

PRECIPITATION (IN)
  YESTERDAY        0.00          1.12 1887   0.10  -0.10     0.00
  MONTH TO DATE    2.57                      1.87   0.70     2.40
  SINCE JUN 1     32.13                     33.00  -0.87    33.01
  SINCE JAN 1     10.38                      9.91   0.47     8.70

SNOWFALL (IN)
  YESTERDAY        0.0           3.9  1953   0.0    0.0      0.0
  MONTH TO DATE    0.0                       1.3   -1.3      0.1
  SINCE OCT 1     47.2                      41.7    5.5     63.4
  SINCE JUL 1     47.2                      41.7    5.5     63.4
  SNOW DEPTH       0

DEGREE DAYS
 HEATING
  YESTERDAY        3                        13    -10       10
  MONTH TO DATE  171                       293   -122      246
  SINCE MAR 1   1069                      1081    -12     1186
  SINCE JUL 1   5737                      5338    399     5717

 COOLING
  YESTERDAY        0                         0      0        0
  MONTH TO DATE    1                         0      1       10
  SINCE MAR 1      1                         1      0       10
  SINCE JAN 1      1                         1      0       10
..................................................................

WIND (MPH)
  HIGHEST WIND SPEED    16   HIGHEST WIND DIRECTION     N (10)
  HIGHEST GUST SPEED    24   HIGHEST GUST DIRECTION    NW (320)
  AVERAGE WIND SPEED     5.9


SKY COVER
  POSSIBLE SUNSHINE  MM
  AVERAGE SKY COVER 0.6


WEATHER CONDITIONS
 THE FOLLOWING WEATHER WAS RECORDED YESTERDAY.
  FOG


RELATIVE HUMIDITY (PERCENT)
 HIGHEST    93           500 AM
 LOWEST     26           200 PM
 AVERAGE    60

..........................................................


THE PITTSBURGH PA CLIMATE NORMALS FOR TODAY
                         NORMAL    RECORD    YEAR
 MAXIMUM TEMPERATURE (F)   63        87      1941
 MINIMUM TEMPERATURE (F)   41        19      1983


SUNRISE AND SUNSET
APRIL 19 2015.........SUNRISE   637 AM EDT   SUNSET   804 PM EDT
APRIL 20 2015.........SUNRISE   635 AM EDT   SUNSET   805 PM EDT


-  INDICATES NEGATIVE NUMBERS.
R  INDICATES RECORD WAS SET OR TIED.
MM INDICATES DATA IS MISSING.
T  INDICATES TRACE AMOUNT.

&&

SNOW DEPTH IS MEASURED AT 7 AM EST OR 8 AM EDT.

$$
