000
CDUS46 KLOX 280115
CLIPMD


CLIMATE REPORT
NATIONAL WEATHER SERVICE LOS ANGELES/OXNARD CA
614 PM PDT MON APR 27 2015


...................................

...THE PALMDALE AIRPORT CA CLIMATE SUMMARY FOR APRIL 27 2015...
VALID TODAY AS OF 0600 PM LOCAL TIME.

CLIMATE NORMAL PERIOD 1981 TO 2010
CLIMATE RECORD PERIOD 1931 TO 2015


WEATHER ITEM   OBSERVED TIME   RECORD YEAR NORMAL DEPARTURE LAST
                VALUE   (LST)  VALUE       VALUE  FROM      YEAR
                                                  NORMAL
..................................................................
TEMPERATURE (F)
 TODAY
  MAXIMUM         80    234 PM  97    1996  76      4       69
  MINIMUM         44    321 AM  29    1955  47     -3       46
  AVERAGE         62                        61      1       58

PRECIPITATION (IN)
  TODAY            0.00          0.13 1953   0.01  -0.01     0.00
  MONTH TO DATE    0.08                      0.44  -0.36     0.13
  SINCE OCT 1      4.12                      7.40  -3.28     4.03
  SINCE JAN 1      1.55                      4.95  -3.40     2.09

SNOWFALL (IN)
  TODAY            0.0           T    1970  MM               0.0
  MONTH TO DATE    0.0                      MM               0.0
  SINCE MAR 1      0.0                      MM               0.0
  SINCE JUL 1      0.0                      MM               0.0
  SNOW DEPTH       0

DEGREE DAYS
 HEATING
  TODAY            3                         5     -2        7
  MONTH TO DATE  162                       215    -53      133
  SINCE MAR 1    346                       591   -245      396
  SINCE JUL 1   2001                      2836   -835     2294

 COOLING
  TODAY            0                         1     -1        0
  MONTH TO DATE   11                        12     -1       43
  SINCE MAR 1     19                        14      5       43
  SINCE JAN 1     19                        14      5       44
..................................................................


WIND (MPH)
  HIGHEST WIND SPEED    26   HIGHEST WIND DIRECTION     E (80)
  HIGHEST GUST SPEED    37   HIGHEST GUST DIRECTION     E (80)
  AVERAGE WIND SPEED    13.1


SKY COVER
  POSSIBLE SUNSHINE  MM
  AVERAGE SKY COVER 0.0


WEATHER CONDITIONS
 THE FOLLOWING WEATHER WAS RECORDED TODAY.
  NO SIGNIFICANT WEATHER WAS OBSERVED.


RELATIVE HUMIDITY (PERCENT)
 HIGHEST    66           100 AM
 LOWEST      7           300 PM
 AVERAGE    37

..........................................................


THE PALMDALE AIRPORT CA CLIMATE NORMALS FOR TOMORROW
                         NORMAL    RECORD    YEAR
 MAXIMUM TEMPERATURE (F)   77        95      2007
 MINIMUM TEMPERATURE (F)   47        31      1955


SUNRISE AND SUNSET
APRIL 27 2015.........SUNRISE   607 AM PDT   SUNSET   734 PM PDT
APRIL 28 2015.........SUNRISE   606 AM PDT   SUNSET   735 PM PDT


-  INDICATES NEGATIVE NUMBERS.
R  INDICATES RECORD WAS SET OR TIED.
MM INDICATES DATA IS MISSING.
T  INDICATES TRACE AMOUNT.




$$
