000
CDUS46 KPDT 010827
CLIRDM

CLIMATE REPORT
NATIONAL WEATHER SERVICE PENDLETON OR
126 AM PDT WED APR 1 2015


...................................

...THE REDMOND OR CLIMATE SUMMARY FOR MARCH 31 2015...

CLIMATE NORMAL PERIOD 1981 TO 2010
CLIMATE RECORD PERIOD 1949 TO 2015


WEATHER ITEM   OBSERVED TIME   RECORD YEAR NORMAL DEPARTURE LAST
                VALUE   (LST)  VALUE       VALUE  FROM      YEAR
                                                  NORMAL
..................................................................
TEMPERATURE (F)
 YESTERDAY
  MAXIMUM         51   1204 PM  74    1987  57     -6       53
  MINIMUM         30   1159 PM  10    2008  28      2       21
  AVERAGE         41                        42     -1       37

PRECIPITATION (IN)
  YESTERDAY        T             0.28 1998   0.02  -0.02     0.00
  MONTH TO DATE    0.40                      0.66  -0.26     0.60
  SINCE OCT 1      5.66                      5.04   0.62     3.22
  SINCE JAN 1      1.38                      2.28  -0.90     2.51

DEGREE DAYS
 HEATING
  YESTERDAY       24                        23      1       28
  MONTH TO DATE  621                       777   -156      721
  SINCE MAR 1    621                       778   -157      721
  SINCE JUL 1   4654                      5451   -797     5514

 COOLING
  YESTERDAY        0                         0      0        0
  MONTH TO DATE    0                         0      0        0
  SINCE MAR 1      0                         0      0        0
  SINCE JAN 1      0                         0      0        0
..................................................................


WIND (MPH)
  RESULTANT WIND SPEED  10   RESULTANT WIND DIRECTION  NW (300)
  HIGHEST WIND SPEED    33   HIGHEST WIND DIRECTION     W (290)
  HIGHEST GUST SPEED    43   HIGHEST GUST DIRECTION     W (290)
  AVERAGE WIND SPEED    12.0


SKY COVER
  POSSIBLE SUNSHINE  MM
  AVERAGE SKY COVER 0.5


WEATHER CONDITIONS
THE FOLLOWING WEATHER WAS RECORDED YESTERDAY.
  NO SIGNIFICANT WEATHER WAS OBSERVED.


RELATIVE HUMIDITY (PERCENT)
 HIGHEST    82          1100 PM
 LOWEST     36          1100 AM
 AVERAGE    59

..........................................................


THE REDMOND OR CLIMATE NORMALS FOR TODAY
                         NORMAL    RECORD    YEAR
 MAXIMUM TEMPERATURE (F)   57        79      2000
 MINIMUM TEMPERATURE (F)   28        10      2008


SUNRISE AND SUNSET
APRIL  1 2015.........SUNRISE   646 AM PDT   SUNSET   732 PM PDT
APRIL  2 2015.........SUNRISE   644 AM PDT   SUNSET   733 PM PDT


-  INDICATES NEGATIVE NUMBERS.
R  INDICATES RECORD WAS SET OR TIED.
MM INDICATES DATA IS MISSING.
T  INDICATES TRACE AMOUNT.




$$
