000
CDUS42 KRAH 260749
CLIRDU


CLIMATE REPORT
NATIONAL WEATHER SERVICE RALEIGH NC
348 AM EDT SUN APR 26 2015


...................................

...THE RALEIGH-DURHAM INTL AIRPORT NC CLIMATE SUMMARY FOR APRIL 25 2015...

CLIMATE NORMAL PERIOD 1981 TO 2010
CLIMATE RECORD PERIOD 1887 TO 2015


WEATHER ITEM   OBSERVED TIME   RECORD YEAR NORMAL DEPARTURE LAST
                VALUE   (LST)  VALUE       VALUE  FROM      YEAR
                                                  NORMAL
..................................................................
TEMPERATURE (F)
 YESTERDAY
  MAXIMUM         57    353 PM  93    1925  75    -18       80
  MINIMUM         45    404 AM  29    1969  51     -6       49
  AVERAGE         51                        63    -12       65

PRECIPITATION (IN)
  YESTERDAY        0.34          2.31 1937   0.09   0.25     0.47
  MONTH TO DATE    4.25                      2.48   1.77     4.06
  SINCE MAR 1      7.53                      6.59   0.94     9.12
  SINCE JAN 1     13.79                     13.32   0.47    14.08

SNOWFALL (IN)
  YESTERDAY        0.0           0.0  2002   0.0    0.0      0.0
                                      2001
  MONTH TO DATE    0.0                       0.1   -0.1      0.0
  SINCE MAR 1      0.0                       0.6   -0.6      0.2
  SINCE JUL 1      7.9                       6.1    1.8      5.8
  SNOW DEPTH       0

DEGREE DAYS
 HEATING
  YESTERDAY       14                         5      9        0
  MONTH TO DATE  100                       172    -72      156
  SINCE MAR 1    519                       596    -77      739
  SINCE JUL 1   3416                      3168    248     3440

 COOLING
  YESTERDAY        0                         2     -2        0
  MONTH TO DATE   52                        37     15       22
  SINCE MAR 1     56                        48      8       22
  SINCE JAN 1     56                        49      7       22
..................................................................


WIND (MPH)
  HIGHEST WIND SPEED    12   HIGHEST WIND DIRECTION    SW (210)
  HIGHEST GUST SPEED    15   HIGHEST GUST DIRECTION     N (20)
  AVERAGE WIND SPEED     3.5


SKY COVER
  POSSIBLE SUNSHINE  MM
  AVERAGE SKY COVER 0.9


WEATHER CONDITIONS
 THE FOLLOWING WEATHER WAS RECORDED YESTERDAY.
  RAIN
  LIGHT RAIN
  FOG
  FOG W/VISIBILITY <= 1/4 MILE


RELATIVE HUMIDITY (PERCENT)
 HIGHEST   100           200 PM
 LOWEST     62          1000 AM
 AVERAGE    81

..........................................................


THE RALEIGH-DURHAM INTL AIRPORT NC CLIMATE NORMALS FOR TODAY
                         NORMAL    RECORD    YEAR
 MAXIMUM TEMPERATURE (F)   75        93      1990
 MINIMUM TEMPERATURE (F)   51        34      1919


SUNRISE AND SUNSET
APRIL 26 2015.........SUNRISE   629 AM EDT   SUNSET   758 PM EDT
APRIL 27 2015.........SUNRISE   628 AM EDT   SUNSET   759 PM EDT


-  INDICATES NEGATIVE NUMBERS.
R  INDICATES RECORD WAS SET OR TIED.
MM INDICATES DATA IS MISSING.
T  INDICATES TRACE AMOUNT.

&&

CLIMATE REPORT NWS FORECAST OFFICE
NCSU CENTENNIAL CAMPUS
RALEIGH, NC

MAXIMUM TEMPERATURE...56

MINIMUM TEMPERATURE...47

PRECIPITATION...0.20


$$
