000
CDUS43 KGRB 260639
CLIRHI


CLIMATE REPORT
NATIONAL WEATHER SERVICE GREEN BAY
138 AM CDT SUN APR 26 2015


...................................

...THE RHINELANDER WI CLIMATE SUMMARY FOR APRIL 25 2015...

CLIMATE NORMAL PERIOD 1981 TO 2010
CLIMATE RECORD PERIOD 1908 TO 2015


WEATHER ITEM   OBSERVED TIME   RECORD YEAR NORMAL DEPARTURE LAST
                VALUE   (LST)  VALUE       VALUE  FROM      YEAR
                                                  NORMAL
..................................................................
TEMPERATURE (F)
 YESTERDAY
  MAXIMUM         56    403 PM  84    1990  58     -2       44
  MINIMUM         32   1159 PM  19    1972  34     -2       32
                                      1926
  AVERAGE         44                        46     -2       38

PRECIPITATION (IN)
  YESTERDAY        0.00          0.70 1950   0.10  -0.10     0.10
  MONTH TO DATE    3.25                      2.08   1.17     3.78
  SINCE MAR 1      4.02                      3.65   0.37     4.54
  SINCE JAN 1      4.91                      5.69  -0.78     7.15

SNOWFALL (IN)
  YESTERDAY        0.0           5.3  1909  MM     MM         T
  MONTH TO DATE   13.9                      MM     MM       27.1
  SINCE MAR 1     20.4                      MM     MM       36.7
  SINCE JUL 1     89.3                      MM     MM      109.2
  SNOW DEPTH       0

DEGREE DAYS
 HEATING
  YESTERDAY       21                        19      2       27
  MONTH TO DATE  589                       613    -24      770
  SINCE MAR 1   1719                      1786    -67     2209
  SINCE JUL 1   9060                      8408    652     9838

 COOLING
  YESTERDAY        0                         0      0        0
  MONTH TO DATE    0                         0      0        0
  SINCE MAR 1      0                         0      0        0
  SINCE JAN 1      0                         0      0        0
..................................................................


WIND (MPH)
  HIGHEST WIND SPEED    17   HIGHEST WIND DIRECTION    SE (120)
  HIGHEST GUST SPEED    20   HIGHEST GUST DIRECTION     E (110)
  AVERAGE WIND SPEED     8.7


SKY COVER
  POSSIBLE SUNSHINE  MM
  AVERAGE SKY COVER 0.5


WEATHER CONDITIONS
 THE FOLLOWING WEATHER WAS RECORDED YESTERDAY.
  NO SIGNIFICANT WEATHER WAS OBSERVED.


RELATIVE HUMIDITY (PERCENT)
 HIGHEST    64           100 AM
 LOWEST     18           600 PM
 AVERAGE    41

..........................................................


THE RHINELANDER WI CLIMATE NORMALS FOR TODAY
                         NORMAL    RECORD    YEAR
 MAXIMUM TEMPERATURE (F)   59        85      1962
 MINIMUM TEMPERATURE (F)   34        18      1919


SUNRISE AND SUNSET
APRIL 26 2015.........SUNRISE   554 AM CDT   SUNSET   758 PM CDT
APRIL 27 2015.........SUNRISE   552 AM CDT   SUNSET   759 PM CDT


-  INDICATES NEGATIVE NUMBERS.
R  INDICATES RECORD WAS SET OR TIED.
MM INDICATES DATA IS MISSING.
T  INDICATES TRACE AMOUNT.




$$
