000
CDUS45 KRIW 250736
CLIRIW


CLIMATE REPORT
NATIONAL WEATHER SERVICE RIVERTON WY
134 AM MDT SAT APR 25 2015


...................................

...THE RIVERTON WY CLIMATE SUMMARY FOR APRIL 24 2015...

CLIMATE NORMAL PERIOD 1981 TO 2010
CLIMATE RECORD PERIOD 1995 TO 2015


WEATHER ITEM   OBSERVED TIME   RECORD YEAR NORMAL DEPARTURE LAST
                VALUE   (LST)  VALUE       VALUE  FROM      YEAR
                                                  NORMAL
..................................................................
TEMPERATURE (F)
 YESTERDAY
  MAXIMUM         67    202 PM  85    2012  60      7       64
  MINIMUM         37    428 AM  22    2013  33      4       28
                                      2011
                                      2002
  AVERAGE         52                        47      5       46

PRECIPITATION (IN)
  YESTERDAY        T             0.26 2008   0.05  -0.05     0.00
  MONTH TO DATE    0.39                      0.96  -0.57     0.07
  SINCE MAR 1      0.80                      1.51  -0.71     0.57
  SINCE JAN 1      1.87                      2.02  -0.15     1.47

SNOWFALL (IN)
  YESTERDAY        0.0                                       0.0
  MONTH TO DATE    3.3                                       0.4
  SINCE MAR 1     10.0                                       3.8
  SINCE JUL 1     38.6                                      53.0
  SNOW DEPTH       0

DEGREE DAYS
 HEATING
  YESTERDAY       13                        18     -5       19
  MONTH TO DATE  483                       520    -37      493
  SINCE MAR 1   1268                      1438   -170     1409
  SINCE JUL 1   6661                      7292   -631     7290

 COOLING
  YESTERDAY        0                         0      0        0
  MONTH TO DATE    0                         0      0        0
  SINCE MAR 1      0                         0      0        0
  SINCE JAN 1      0                         0      0        0
..................................................................


WIND (MPH)
  HIGHEST WIND SPEED    30   HIGHEST WIND DIRECTION     W (260)
  HIGHEST GUST SPEED    36   HIGHEST GUST DIRECTION    SW (240)
  AVERAGE WIND SPEED     9.5


SKY COVER
  POSSIBLE SUNSHINE  MM
  AVERAGE SKY COVER 0.1


WEATHER CONDITIONS
 THE FOLLOWING WEATHER WAS RECORDED YESTERDAY.
  NO SIGNIFICANT WEATHER WAS OBSERVED.


RELATIVE HUMIDITY (PERCENT)
 HIGHEST    70           100 AM
 LOWEST     18           100 PM
 AVERAGE    44

..........................................................


THE RIVERTON WY CLIMATE NORMALS FOR TODAY
                         NORMAL    RECORD    YEAR
 MAXIMUM TEMPERATURE (F)   60        78      2012
 MINIMUM TEMPERATURE (F)   34        23      2002


SUNRISE AND SUNSET
APRIL 25 2015.........SUNRISE   616 AM MDT   SUNSET   808 PM MDT
APRIL 26 2015.........SUNRISE   615 AM MDT   SUNSET   809 PM MDT


-  INDICATES NEGATIVE NUMBERS.
R  INDICATES RECORD WAS SET OR TIED.
MM INDICATES DATA IS MISSING.
T  INDICATES TRACE AMOUNT.




$$
