000
CDUS45 KREV 020838
CLIRNO


CLIMATE REPORT
NATIONAL WEATHER SERVICE RENO NV
137 AM PDT THU APR 2 2015


...................................

...THE RENO TAHOE AIRPORT NV CLIMATE SUMMARY FOR APRIL 1 2015...

CLIMATE NORMAL PERIOD 1981 TO 2010
CLIMATE RECORD PERIOD 1888 TO 2015


WEATHER ITEM   OBSERVED TIME   RECORD YEAR NORMAL DEPARTURE LAST
                VALUE   (LST)  VALUE       VALUE  FROM      YEAR
                                                  NORMAL
..................................................................
TEMPERATURE (F)
 YESTERDAY
  MAXIMUM         55    411 PM  88    1966  61     -6       48
  MINIMUM         34    630 AM  15    1970  35     -1       28
  AVERAGE         45                        48     -3       38

PRECIPITATION (IN)
  YESTERDAY        T             1.04 1903   0.02  -0.02      T
  MONTH TO DATE    T                         0.02  -0.02      T
  SINCE OCT 1      2.92                      5.19  -2.27     2.11
  SINCE JAN 1      1.50                      2.83  -1.33     1.15

SNOWFALL (IN)
  YESTERDAY        0.0           3.5  1927   0.0    0.0       T
  MONTH TO DATE    0.0                       0.0    0.0       T
  SINCE MAR 1      0.0                       2.0   -2.0       T
  SINCE JUL 1      2.7                      21.0  -18.3      6.2
  SNOW DEPTH       0

DEGREE DAYS
 HEATING
  YESTERDAY       20                        17      3       27
  MONTH TO DATE   20                        17      3       27
  SINCE MAR 1    414                       615   -201      537
  SINCE JUL 1   3279                      4253   -974     4121

 COOLING
  YESTERDAY        0                         0      0        0
  MONTH TO DATE    0                         0      0        0
  SINCE MAR 1      0                         0      0        0
  SINCE JAN 1      0                         0      0        0
..................................................................


WIND (MPH)
  RESULTANT WIND SPEED   4   RESULTANT WIND DIRECTION   N (0)
  HIGHEST WIND SPEED    28   HIGHEST WIND DIRECTION     N (340)
  HIGHEST GUST SPEED    35   HIGHEST GUST DIRECTION    NW (330)
  AVERAGE WIND SPEED     7.2



WEATHER CONDITIONS
 THE FOLLOWING WEATHER WAS RECORDED YESTERDAY.
  LIGHT RAIN


RELATIVE HUMIDITY (PERCENT)
 HIGHEST    70          1100 PM
 LOWEST     22           200 PM
 AVERAGE    46

..........................................................


THE RENO TAHOE AIRPORT NV CLIMATE NORMALS FOR TODAY
                         NORMAL    RECORD    YEAR
 MAXIMUM TEMPERATURE (F)   61        83      1961
 MINIMUM TEMPERATURE (F)   35        17      1963


SUNRISE AND SUNSET
APRIL  2 2015.........SUNRISE   642 AM PDT   SUNSET   724 PM PDT
APRIL  3 2015.........SUNRISE   641 AM PDT   SUNSET   725 PM PDT


-  INDICATES NEGATIVE NUMBERS.
R  INDICATES RECORD WAS SET OR TIED.
MM INDICATES DATA IS MISSING.
T  INDICATES TRACE AMOUNT.




$$
