000
CDUS46 KSTO 280839
CLISAC

CLIMATE REPORT
NATIONAL WEATHER SERVICE SACRAMENTO, CA
135 AM PDT TUE APR 28 2015


................................................................

...THE SACRAMENTO EXEC. AIRPORT CA CLIMATE SUMMARY FOR APRIL 27 2015...

CLIMATE NORMAL PERIOD 1981 TO 2010
CLIMATE RECORD PERIOD 1930 TO 2015


WEATHER ITEM   OBSERVED TIME   RECORD YEAR NORMAL DEPARTURE LAST
                VALUE   (LST)  VALUE       VALUE  FROM      YEAR
                                                  NORMAL
..................................................................
TEMPERATURE (F)
 YESTERDAY
  MAXIMUM         90    357 PM  94    2004  75     15       68
  MINIMUM         54   1256 AM  33    1970  48      6       49
  AVERAGE         72

PRECIPITATION (IN)
  YESTERDAY        0.00          1.34 1953   0.03  -0.03     0.01
  MONTH TO DATE    1.85                      1.07   0.78     1.83
  SINCE OCT 1     15.27                     17.21  -1.94     9.20
  SINCE JAN 1      4.89                     10.93  -6.04     7.89

SNOWFALL (IN)
  YESTERDAY        0.0          MM      MM   0.0            MM
  MONTH TO DATE    0.0                       0.0             0.0
  SINCE MAR 1      0.0                       0.0             0.0
  SINCE JUL 1      0.0                       0.0             0.0

DEGREE DAYS
 HEATING
  YESTERDAY        0

 COOLING
  YESTERDAY        7
..................................................................


WIND (MPH)
  RESULTANT WIND SPEED   1   RESULTANT WIND DIRECTION   N (340)
  HIGHEST WIND SPEED    10   HIGHEST WIND DIRECTION     N (20)
  HIGHEST GUST SPEED    13   HIGHEST GUST DIRECTION     N (20)


SKY COVER
  POSSIBLE SUNSHINE  MM
  AVERAGE SKY COVER 0.0


WEATHER CONDITIONS
 THE FOLLOWING WEATHER WAS RECORDED YESTERDAY.
  NO SIGNIFICANT WEATHER WAS OBSERVED.


RELATIVE HUMIDITY (PERCENT)
 HIGHEST    77
 LOWEST     19
 AVERAGE    48

..........................................................


THE SACRAMENTO EXEC. AIRPORT CA CLIMATE NORMALS FOR TODAY
                         NORMAL    RECORD    YEAR
 MAXIMUM TEMPERATURE (F)   75        92      2013
 MINIMUM TEMPERATURE (F)   48        36      1970


SUNRISE AND SUNSET
APRIL 28 2015.........SUNRISE   613 AM PDT   SUNSET   755 PM PDT
APRIL 29 2015.........SUNRISE   611 AM PDT   SUNSET   756 PM PDT


-  INDICATES NEGATIVE NUMBERS.
R  INDICATES RECORD WAS SET OR TIED.
MM INDICATES DATA IS MISSING.
T  INDICATES TRACE AMOUNT.



&&
....................................................................

SACRAMENTO CITY CLIMATE DATA FOR MONDAY APRIL 27 2015

HIGH...   88  RECORD HIGH    96 IN 2004    NORMAL    HIGH   76
LOW....   57  RECORD LOW     38 IN 1955    NORMAL    LOW    51

RAIN SINCE MIDNIGHT....  0.00   RECORD THIS DATE....... 1.54 IN 1953
TOTAL THIS MONTH.......  1.81   NORMAL SINCE OCT 1ST.........  18.84
TOTAL SINCE OCT 1ST... 13.54   PERCENT OF NORMAL.............  72%


$$
