000
CDUS46 KLOX 020913
CLISBA


CLIMATE REPORT
NATIONAL WEATHER SERVICE LOS ANGELES/OXNARD CA
213 AM PDT THU APR 2 2015


...................................

...THE SANTA BARBARA AIRPORT CA CLIMATE SUMMARY FOR APRIL 1 2015...

CLIMATE NORMAL PERIOD 1981 TO 2010
CLIMATE RECORD PERIOD 1940 TO 2015


WEATHER ITEM   OBSERVED TIME   RECORD YEAR NORMAL DEPARTURE LAST
                VALUE   (LST)  VALUE       VALUE  FROM      YEAR
                                                  NORMAL
..................................................................
TEMPERATURE (F)
 YESTERDAY
  MAXIMUM         77    411 PM  87    1959  66     11       62
  MINIMUM         49    538 AM  38    1998  46      3       45
  AVERAGE         63                        56      7       54

PRECIPITATION (IN)
  YESTERDAY        0.00          1.12 1958   0.06  -0.06     0.25
  MONTH TO DATE    0.00                      0.06  -0.06     0.25
  SINCE OCT 1      8.82                     16.00  -7.18     6.47
  SINCE JAN 1      2.53                     10.70  -8.17     5.18

SNOWFALL (IN)
  YESTERDAY        0.0
  MONTH TO DATE    0.0
  SINCE MAR 1      0.0
  SINCE JUL 1      0.0

DEGREE DAYS
 HEATING
  YESTERDAY        2                         9     -7       11
  MONTH TO DATE    2                         9     -7       11
  SINCE MAR 1    124                       305   -181      177
  SINCE JUL 1    949                      1906   -957     1412

 COOLING
  YESTERDAY        0                         0      0        0
  MONTH TO DATE    0                         0      0        0
  SINCE MAR 1     34                         2     32        5
  SINCE JAN 1     34                         2     32        5
..................................................................


WIND (MPH)
  HIGHEST WIND SPEED    24   HIGHEST WIND DIRECTION     N (340)
  HIGHEST GUST SPEED    32   HIGHEST GUST DIRECTION     N (340)
  AVERAGE WIND SPEED     7.2


SKY COVER
  POSSIBLE SUNSHINE  MM
  AVERAGE SKY COVER 0.0


WEATHER CONDITIONS
 THE FOLLOWING WEATHER WAS RECORDED YESTERDAY.
  NO SIGNIFICANT WEATHER WAS OBSERVED.


RELATIVE HUMIDITY (PERCENT)
 HIGHEST    78           800 AM
 LOWEST     23           600 PM
 AVERAGE    51

..........................................................


THE SANTA BARBARA AIRPORT CA CLIMATE NORMALS FOR TODAY
                         NORMAL    RECORD    YEAR
 MAXIMUM TEMPERATURE (F)   66        91      1950
 MINIMUM TEMPERATURE (F)   46        38      1999


SUNRISE AND SUNSET
APRIL  2 2015.........SUNRISE   645 AM PDT   SUNSET   721 PM PDT
APRIL  3 2015.........SUNRISE   644 AM PDT   SUNSET   722 PM PDT


-  INDICATES NEGATIVE NUMBERS.
R  INDICATES RECORD WAS SET OR TIED.
MM INDICATES DATA IS MISSING.
T  INDICATES TRACE AMOUNT.




$$
