000
CDUS46 KLOX 270902
CLISBA


CLIMATE REPORT
NATIONAL WEATHER SERVICE LOS ANGELES/OXNARD CA
202 AM PDT MON APR 27 2015


...................................

...THE SANTA BARBARA AIRPORT CA CLIMATE SUMMARY FOR APRIL 26 2015...

CLIMATE NORMAL PERIOD 1981 TO 2010
CLIMATE RECORD PERIOD 1940 TO 2015


WEATHER ITEM   OBSERVED TIME   RECORD YEAR NORMAL DEPARTURE LAST
                VALUE   (LST)  VALUE       VALUE  FROM      YEAR
                                                  NORMAL
..................................................................
TEMPERATURE (F)
 YESTERDAY
  MAXIMUM         81    351 PM  88    1993  68     13       70
  MINIMUM         49    538 AM  39    1989  49      0       51
  AVERAGE         65                        59      6       61

PRECIPITATION (IN)
  YESTERDAY        0.00          1.70 1960   0.03  -0.03     0.00
  MONTH TO DATE    0.18                      0.92  -0.74     0.27
  SINCE OCT 1      9.00                     16.86  -7.86     6.49
  SINCE JAN 1      2.71                     11.56  -8.85     5.20

SNOWFALL (IN)
  YESTERDAY        0.0
  MONTH TO DATE    0.0
  SINCE MAR 1      0.0
  SINCE JUL 1      0.0

DEGREE DAYS
 HEATING
  YESTERDAY        0                         7     -7        4
  MONTH TO DATE  139                       204    -65      158
  SINCE MAR 1    261                       500   -239      324
  SINCE JUL 1   1086                      2101  -1015     1559

 COOLING
  YESTERDAY        0                         0      0        0
  MONTH TO DATE    0                         0      0        0
  SINCE MAR 1     34                         2     32        5
  SINCE JAN 1     34                         2     32        5
..................................................................


WIND (MPH)
  HIGHEST WIND SPEED    25   HIGHEST WIND DIRECTION     N (10)
  HIGHEST GUST SPEED    38   HIGHEST GUST DIRECTION    NE (50)
  AVERAGE WIND SPEED    11.8


SKY COVER
  POSSIBLE SUNSHINE  MM
  AVERAGE SKY COVER 0.0


WEATHER CONDITIONS
 THE FOLLOWING WEATHER WAS RECORDED YESTERDAY.
  NO SIGNIFICANT WEATHER WAS OBSERVED.


RELATIVE HUMIDITY (PERCENT)
 HIGHEST    77           500 AM
 LOWEST     23           400 PM
 AVERAGE    50

..........................................................


THE SANTA BARBARA AIRPORT CA CLIMATE NORMALS FOR TODAY
                         NORMAL    RECORD    YEAR
 MAXIMUM TEMPERATURE (F)   68        95      2004
 MINIMUM TEMPERATURE (F)   49        38      1984


SUNRISE AND SUNSET
APRIL 27 2015.........SUNRISE   614 AM PDT   SUNSET   741 PM PDT
APRIL 28 2015.........SUNRISE   613 AM PDT   SUNSET   741 PM PDT


-  INDICATES NEGATIVE NUMBERS.
R  INDICATES RECORD WAS SET OR TIED.
MM INDICATES DATA IS MISSING.
T  INDICATES TRACE AMOUNT.




$$
