000
CDUS43 KIWX 030521
CLISBN


CLIMATE REPORT
NATIONAL WEATHER SERVICE NORTHERN INDIANA
121 AM EDT SUN MAY 3 2015


...................................

...THE SOUTH BEND CLIMATE SUMMARY FOR MAY 2 2015...

CLIMATE NORMAL PERIOD 1981 TO 2010
CLIMATE RECORD PERIOD 1893 TO 2015


WEATHER ITEM   OBSERVED TIME   RECORD YEAR NORMAL DEPARTURE LAST
                VALUE   (LST)  VALUE       VALUE  FROM      YEAR
                                                  NORMAL
..................................................................
TEMPERATURE (F)
 YESTERDAY
  MAXIMUM         76    514 PM  89    1959  66     10       54
  MINIMUM         46    303 AM  29    1907  44      2       45
  AVERAGE         61                        55      6       50

PRECIPITATION (IN)
  YESTERDAY        0.00          1.09 1977   0.12  -0.12     0.01
  MONTH TO DATE    0.00                      0.23  -0.23     0.14
  SINCE MAR 1      3.18                      5.88  -2.70     4.18
  SINCE JAN 1      7.08                     10.12  -3.04    10.12

SNOWFALL (IN)
  YESTERDAY        0.0           0.6  1940   0.0    0.0      0.0
                                      2001
  MONTH TO DATE    0.0                       0.0    0.0      0.0
  SINCE MAR 1      6.1                       8.5   -2.4     12.9
  SINCE JUL 1     83.9                      66.6   17.3    106.9
  SNOW DEPTH       0

DEGREE DAYS
 HEATING
  YESTERDAY        4                        11     -7       15
  MONTH TO DATE   16                        22     -6       34
  SINCE MAR 1   1391                      1364     27     1579
  SINCE JUL 1   6488                      6053    435     6762

 COOLING
  YESTERDAY        0                         0      0        0
  MONTH TO DATE    0                         0      0        0
  SINCE MAR 1      2                        10     -8        2
  SINCE JAN 1      2                        10     -8        2
..................................................................


WIND (MPH)
  HIGHEST WIND SPEED    16   HIGHEST WIND DIRECTION    SW (230)
  HIGHEST GUST SPEED    27   HIGHEST GUST DIRECTION     W (250)
  AVERAGE WIND SPEED     4.4


SKY COVER
  AVERAGE SKY COVER 0.0


WEATHER CONDITIONS
 THE FOLLOWING WEATHER WAS RECORDED YESTERDAY.
  NO SIGNIFICANT WEATHER WAS OBSERVED.


RELATIVE HUMIDITY (PERCENT)
 HIGHEST    80           700 AM
 LOWEST     21           300 PM
 AVERAGE    51

..........................................................


THE SOUTH BEND CLIMATE NORMALS FOR TODAY
                         NORMAL    RECORD    YEAR
 MAXIMUM TEMPERATURE (F)   66        89      1928
 MINIMUM TEMPERATURE (F)   45        29      2004
                                             1978
                                             1931


SUNRISE AND SUNSET
MAY  3 2015...........SUNRISE   640 AM EDT   SUNSET   845 PM EDT
MAY  4 2015...........SUNRISE   638 AM EDT   SUNSET   846 PM EDT


-  INDICATES NEGATIVE NUMBERS.
R  INDICATES RECORD WAS SET OR TIED.
MM INDICATES DATA IS MISSING.
T  INDICATES TRACE AMOUNT.




$$
