000
CDUS46 KSTO 280838
CLISCK


CLIMATE REPORT
NATIONAL WEATHER SERVICE SACRAMENTO, CA
135 AM PDT TUE APR 28 2015


...................................

...THE STOCKTON AIRPORT CA CLIMATE SUMMARY FOR APRIL 27 2015...

CLIMATE NORMAL PERIOD 1981 TO 2010
CLIMATE RECORD PERIOD 1948 TO 2015


WEATHER ITEM   OBSERVED TIME   RECORD YEAR NORMAL DEPARTURE LAST
                VALUE   (LST)  VALUE       VALUE  FROM      YEAR
                                                  NORMAL
..................................................................
TEMPERATURE (F)
 YESTERDAY
  MAXIMUM         86    432 PM  96    2004  76     10       70
  MINIMUM         50    517 AM  34    1955  48      2       47
  AVERAGE         68

PRECIPITATION (IN)
  YESTERDAY        0.00          1.50 1954   0.02  -0.02     0.01
  MONTH TO DATE    1.13                      0.91   0.22     0.82
  SINCE OCT 1     10.60                     13.08  -2.48     7.22
  SINCE JAN 1      2.76                      8.35  -5.59     5.79

SNOWFALL (IN)
  YESTERDAY        0.0          MM      MM
  MONTH TO DATE    0.0
  SINCE MAR 1      0.0
  SINCE JUL 1      0.0
  SNOW DEPTH       0

DEGREE DAYS
 HEATING
  YESTERDAY        0                         4     -4        6
  MONTH TO DATE  108                       177    -69      111
  SINCE MAR 1    232                       501   -269      310
  SINCE JUL 1   1671                      2563   -892     2143

 COOLING
  YESTERDAY        3                         1      2        0
  MONTH TO DATE   14                        10      4       19
  SINCE MAR 1     31                        10     21       19
  SINCE JAN 1     31                        10     21       19
..................................................................


WIND (MPH)
  RESULTANT WIND SPEED   1   RESULTANT WIND DIRECTION  SW (230)
  HIGHEST WIND SPEED    13   HIGHEST WIND DIRECTION    NW (310)
  HIGHEST GUST SPEED    15   HIGHEST GUST DIRECTION    NW (310)


SKY COVER
  POSSIBLE SUNSHINE  MM
  AVERAGE SKY COVER 0.0


WEATHER CONDITIONS
 THE FOLLOWING WEATHER WAS RECORDED YESTERDAY.
  HAZE


RELATIVE HUMIDITY (PERCENT)
 HIGHEST    89           500 AM
 LOWEST     27           300 PM
 AVERAGE    58

..........................................................


THE STOCKTON AIRPORT CA CLIMATE NORMALS FOR TODAY
                         NORMAL    RECORD    YEAR
 MAXIMUM TEMPERATURE (F)   76        95      2007
 MINIMUM TEMPERATURE (F)   48        35      1967


SUNRISE AND SUNSET
APRIL 28 2015.........SUNRISE   613 AM PDT   SUNSET   753 PM PDT
APRIL 29 2015.........SUNRISE   612 AM PDT   SUNSET   754 PM PDT


-  INDICATES NEGATIVE NUMBERS.
R  INDICATES RECORD WAS SET OR TIED.
MM INDICATES DATA IS MISSING.
T  INDICATES TRACE AMOUNT.




$$
