000
CDUS46 KLOX 250856
CLISDB


CLIMATE REPORT
NATIONAL WEATHER SERVICE LOS ANGELES/OXNARD CA
156 AM PDT SAT APR 25 2015


...................................

...THE SANDBERG CA CLIMATE SUMMARY FOR APRIL 24 2015...

CLIMATE NORMAL PERIOD 1981 TO 2010
CLIMATE RECORD PERIOD 1934 TO 2015


WEATHER ITEM   OBSERVED TIME   RECORD YEAR NORMAL DEPARTURE LAST
                VALUE   (LST)  VALUE       VALUE  FROM      YEAR
                                                  NORMAL
..................................................................
TEMPERATURE (F)
 YESTERDAY
  MAXIMUM         50    336 PM  81    1946  61    -11       67
  MINIMUM         44   1145 PM  25    1964  44      0       43
  AVERAGE         47                        52     -5       55

PRECIPITATION (IN)
  YESTERDAY        0.00          0.13 1938   0.02  -0.02     0.00
  MONTH TO DATE    0.13                      0.54  -0.41     0.11
  SINCE OCT 1      6.94                     11.55  -4.61     4.03
  SINCE JAN 1      2.04                      7.92  -5.88     3.33

DEGREE DAYS
 HEATING
  YESTERDAY       18                        13      5       10
  MONTH TO DATE  251                       372   -121      188
  SINCE MAR 1    474                       942   -468      530
  SINCE JUL 1   2105                      3701  -1596     2315

 COOLING
  YESTERDAY        0                         0      0        0
  MONTH TO DATE    4                         0      4       21
  SINCE MAR 1     36                         1     35       24
  SINCE JAN 1     39                         1     38       31
..................................................................


WIND (MPH)
  HIGHEST WIND SPEED    23   HIGHEST WIND DIRECTION     S (180)
  HIGHEST GUST SPEED    27   HIGHEST GUST DIRECTION     S (180)
  AVERAGE WIND SPEED    10.8


SKY COVER
  POSSIBLE SUNSHINE  MM
  AVERAGE SKY COVER 1.0


WEATHER CONDITIONS
 THE FOLLOWING WEATHER WAS RECORDED YESTERDAY.
  FOG
  FOG W/VISIBILITY <= 1/4 MILE
  HAZE


RELATIVE HUMIDITY (PERCENT)
 HIGHEST    93          1000 AM
 LOWEST     71          1000 PM
 AVERAGE    82

..........................................................


THE SANDBERG CA CLIMATE NORMALS FOR TODAY
                         NORMAL    RECORD    YEAR
 MAXIMUM TEMPERATURE (F)   61        80      1987
 MINIMUM TEMPERATURE (F)   44        27      1971


SUNRISE AND SUNSET
APRIL 25 2015.........SUNRISE   611 AM PDT   SUNSET   735 PM PDT
APRIL 26 2015.........SUNRISE   610 AM PDT   SUNSET   736 PM PDT


-  INDICATES NEGATIVE NUMBERS.
R  INDICATES RECORD WAS SET OR TIED.
MM INDICATES DATA IS MISSING.
T  INDICATES TRACE AMOUNT.




$$
