000
CDUS43 KLMK 180626
CLISDF


CLIMATE REPORT
NATIONAL WEATHER SERVICE LOUISVILLE KY
226 AM EDT SAT APR 18 2015


...................................

...THE LOUISVILLE KY CLIMATE SUMMARY FOR APRIL 17 2015...

CLIMATE NORMAL PERIOD 1981 TO 2010
CLIMATE RECORD PERIOD 1871 TO 2015


WEATHER ITEM   OBSERVED TIME   RECORD YEAR NORMAL DEPARTURE LAST
                VALUE   (LST)  VALUE       VALUE  FROM      YEAR
                                                  NORMAL
..................................................................
TEMPERATURE (F)
 YESTERDAY
  MAXIMUM         78    346 PM  90    1896  69      9       69
  MINIMUM         63   1159 PM  21    1875  48     15       40
  AVERAGE         71                        59     12       55

PRECIPITATION (IN)
  YESTERDAY        0.00          1.50 1940   0.13  -0.13     0.00
  MONTH TO DATE    9.64                      2.13   7.51     4.62
  SINCE MAR 1     17.44                      6.30  11.14     6.92
  SINCE JAN 1     20.54                     12.72   7.82    13.08

SNOWFALL (IN)
  YESTERDAY        0.0           T    2001   0.0    0.0      0.0
                                      1997
                                      1990
  MONTH TO DATE    0.0                       0.1   -0.1      0.1
  SINCE MAR 1     11.9                       1.5   10.4      4.2
  SINCE JUL 1     27.6                      12.5   15.1     26.0
  SNOW DEPTH       0

DEGREE DAYS
 HEATING
  YESTERDAY        0                         8     -8       10
  MONTH TO DATE   68                       169   -101      152
  SINCE MAR 1    634                       707    -73      800
  SINCE JUL 1   4254                      3948    306     4454

 COOLING
  YESTERDAY        6                         1      5        0
  MONTH TO DATE   35                        17     18       21
  SINCE MAR 1     36                        23     13       21
  SINCE JAN 1     36                        23     13       21
..................................................................


WIND (MPH)
  HIGHEST WIND SPEED     9   HIGHEST WIND DIRECTION    SE (150)
  HIGHEST GUST SPEED    12   HIGHEST GUST DIRECTION    SE (130)
  AVERAGE WIND SPEED     3.0


SKY COVER
  POSSIBLE SUNSHINE  MM
  AVERAGE SKY COVER 0.8


WEATHER CONDITIONS
 THE FOLLOWING WEATHER WAS RECORDED YESTERDAY.
  NO SIGNIFICANT WEATHER WAS OBSERVED.


RELATIVE HUMIDITY (PERCENT)
 HIGHEST    87           100 AM
 LOWEST     50           200 PM
 AVERAGE    69

..........................................................


THE LOUISVILLE KY CLIMATE NORMALS FOR TODAY
                         NORMAL    RECORD    YEAR
 MAXIMUM TEMPERATURE (F)   70        90      1896
 MINIMUM TEMPERATURE (F)   48        21      1875


SUNRISE AND SUNSET
APRIL 18 2015.........SUNRISE   704 AM EDT   SUNSET   822 PM EDT
APRIL 19 2015.........SUNRISE   702 AM EDT   SUNSET   823 PM EDT


-  INDICATES NEGATIVE NUMBERS.
R  INDICATES RECORD WAS SET OR TIED.
MM INDICATES DATA IS MISSING.
T  INDICATES TRACE AMOUNT.




$$
