000
CDUS45 KBYZ 260935
CLISHR


CLIMATE REPORT
NATIONAL WEATHER SERVICE BILLINGS MT
331 AM MDT SUN APR 26 2015


...................................

...THE SHERIDAN WY CLIMATE SUMMARY FOR APRIL 25 2015...

CLIMATE NORMAL PERIOD 1981 TO 2010
CLIMATE RECORD PERIOD 1907 TO 2015


WEATHER ITEM   OBSERVED TIME   RECORD YEAR NORMAL DEPARTURE LAST
                VALUE   (LST)  VALUE       VALUE  FROM      YEAR
                                                  NORMAL
..................................................................
TEMPERATURE (F)
 YESTERDAY
  MAXIMUM         53   1223 AM  81    1952  60     -7       67
                                      1910
  MINIMUM         35   1159 PM  14    1988  32      3       31
                                      1958
                                      1950
  AVERAGE         44                        46     -2       49

PRECIPITATION (IN)
  YESTERDAY        T             0.88        0.07  -0.07     0.00
  MONTH TO DATE    0.92                      1.24  -0.32     1.24
  SINCE OCT 1      5.44                      6.00  -0.56     8.54
  SINCE JAN 1      3.05                      3.32  -0.27     4.78

DEGREE DAYS
 HEATING
  YESTERDAY       21                        19      2       16
  MONTH TO DATE  526                       552    -26      527
  SINCE MAR 1   1227                      1476   -249     1516
  SINCE JUL 1   6457                      7011   -554     7266

 COOLING
  YESTERDAY        0                         0      0        0
  MONTH TO DATE    0                         0      0        0
  SINCE MAR 1      0                         0      0        0
  SINCE JAN 1      0                         0      0        0
..................................................................


WIND (MPH)
  HIGHEST WIND SPEED    26   HIGHEST WIND DIRECTION    NW (320)
  HIGHEST GUST SPEED    31   HIGHEST GUST DIRECTION    NW (320)
  AVERAGE WIND SPEED    12.9


SKY COVER
  POSSIBLE SUNSHINE  MM
  AVERAGE SKY COVER 0.8


WEATHER CONDITIONS
 THE FOLLOWING WEATHER WAS RECORDED YESTERDAY.
  NO SIGNIFICANT WEATHER WAS OBSERVED.


RELATIVE HUMIDITY (PERCENT)
 HIGHEST    89           600 AM
 LOWEST     59          1200 AM
 AVERAGE    74

..........................................................


THE SHERIDAN WY CLIMATE NORMALS FOR TODAY
                         NORMAL    RECORD    YEAR
 MAXIMUM TEMPERATURE (F)   61        87      1946
 MINIMUM TEMPERATURE (F)   32        11      1988


SUNRISE AND SUNSET
APRIL 26 2015.........SUNRISE   606 AM MDT   SUNSET   807 PM MDT
APRIL 27 2015.........SUNRISE   604 AM MDT   SUNSET   808 PM MDT


-  INDICATES NEGATIVE NUMBERS.
R  INDICATES RECORD WAS SET OR TIED.
MM INDICATES DATA IS MISSING.
T  INDICATES TRACE AMOUNT.




$$
