000
CDUS46 KMTR 020027
CLISJC


CLIMATE REPORT
NATIONAL WEATHER SERVICE SAN FRANCISCO BAY AREA
527 PM PDT WED APR 1 2015


...................................

...THE SAN JOSE CA CLIMATE SUMMARY FOR APRIL 1 2015...
VALID TODAY AS OF 0500 PM LOCAL TIME.

CLIMATE NORMAL PERIOD 1981 TO 2010
CLIMATE RECORD PERIOD 1893 TO 2015


WEATHER ITEM   OBSERVED TIME   RECORD YEAR NORMAL DEPARTURE LAST
                VALUE   (LST)  VALUE       VALUE  FROM      YEAR
                                                  NORMAL
..................................................................
TEMPERATURE (F)
 TODAY
  MAXIMUM         65    311 PM  84    2011  68     -3       57
  MINIMUM         47    556 AM  29    1896  47      0       43
  AVERAGE         56                        57     -1       50

PRECIPITATION (IN)
  TODAY            0.00          1.00 1958   0.04  -0.04     0.29
  MONTH TO DATE    0.00                      0.04  -0.04     0.29
  SINCE OCT 1     11.88                     13.17  -1.29     5.31
  SINCE JAN 1      1.93                      8.39  -6.46     4.41

SNOWFALL (IN)
  TODAY            0.0           0.0  1947
  MONTH TO DATE    0.0
  SINCE MAR 1      0.0
  SINCE JUL 1      0.0

DEGREE DAYS
 HEATING
  TODAY            9                         8      1       15
  MONTH TO DATE    9                         8      1       15
  SINCE MAR 1    145                       263   -118      185
  SINCE JUL 1   1365                      1726   -361     1726

 COOLING
  TODAY            0                         0      0        0
  MONTH TO DATE    0                         0      0        0
  SINCE MAR 1     14                         4     10        4
  SINCE JAN 1     14                         4     10        4
..................................................................


WIND (MPH)
  RESULTANT WIND SPEED   6   RESULTANT WIND DIRECTION  NW (310)
  HIGHEST WIND SPEED    23   HIGHEST WIND DIRECTION    NW (300)
  HIGHEST GUST SPEED    28   HIGHEST GUST DIRECTION    NW (310)
  AVERAGE WIND SPEED     7.4


SKY COVER
  POSSIBLE SUNSHINE  MM
  AVERAGE SKY COVER 0.4


WEATHER CONDITIONS
 THE FOLLOWING WEATHER WAS RECORDED TODAY.
  NO SIGNIFICANT WEATHER WAS OBSERVED.


RELATIVE HUMIDITY (PERCENT)
 HIGHEST    71           600 AM
 LOWEST     34          1200 PM
 AVERAGE    53

..........................................................


THE SAN JOSE CA CLIMATE NORMALS FOR TOMORROW
                         NORMAL    RECORD    YEAR
 MAXIMUM TEMPERATURE (F)   68        85      1985
 MINIMUM TEMPERATURE (F)   47        31      1896


SUNRISE AND SUNSET
APRIL  1 2015.........SUNRISE   653 AM PDT   SUNSET   730 PM PDT
APRIL  2 2015.........SUNRISE   652 AM PDT   SUNSET   731 PM PDT


-  INDICATES NEGATIVE NUMBERS.
R  INDICATES RECORD WAS SET OR TIED.
MM INDICATES DATA IS MISSING.
T  INDICATES TRACE AMOUNT.




$$
