000
CDUS46 KPQR 211144
CLISLE


CLIMATE REPORT
NATIONAL WEATHER SERVICE PORTLAND OREGON
444 AM PDT TUE APR 21 2015


...................................

...THE SALEM OR CLIMATE SUMMARY FOR APRIL 20 2015...

CLIMATE NORMAL PERIOD 1981 TO 2010
CLIMATE RECORD PERIOD 1892 TO 2015


WEATHER ITEM   OBSERVED TIME   RECORD YEAR NORMAL DEPARTURE LAST
                VALUE   (LST)  VALUE       VALUE  FROM      YEAR
                                                  NORMAL
..................................................................
TEMPERATURE (F)
 YESTERDAY
  MAXIMUM         79    445 PM  85    1934  62     17       65
                                      1906
  MINIMUM         43    453 AM  26    1982  40      3       39
  AVERAGE         61                        51     10       52

PRECIPITATION (IN)
  YESTERDAY        0.00          0.72 1988   0.09  -0.09     0.00
  MONTH TO DATE    1.75                      2.01  -0.26     0.78
  SINCE OCT 1     31.07                     32.91  -1.84    21.95
  SINCE JAN 1     13.53                     16.52  -2.99    17.37

DEGREE DAYS
 HEATING
  YESTERDAY        4                        14    -10       13
  MONTH TO DATE  293                       308    -15      234
  SINCE MAR 1    705                       871   -166      720
  SINCE JUL 1   3175                      4111   -936     4006

 COOLING
  YESTERDAY        0                         0      0        0
  MONTH TO DATE    0                         0      0        0
  SINCE MAR 1      0                         0      0        0
  SINCE JAN 1      0                         0      0        0
..................................................................


WIND (MPH)
  HIGHEST WIND SPEED    17   HIGHEST WIND DIRECTION    NW (300)
  HIGHEST GUST SPEED    24   HIGHEST GUST DIRECTION    NW (300)
  AVERAGE WIND SPEED     3.3


SKY COVER
  POSSIBLE SUNSHINE  MM
  AVERAGE SKY COVER 0.0


WEATHER CONDITIONS
 THE FOLLOWING WEATHER WAS RECORDED YESTERDAY.
  NO SIGNIFICANT WEATHER WAS OBSERVED.


RELATIVE HUMIDITY (PERCENT)
 HIGHEST    83           500 AM
 LOWEST     26           300 PM
 AVERAGE    55

..........................................................


THE SALEM OR CLIMATE NORMALS FOR TODAY
                         NORMAL    RECORD    YEAR
 MAXIMUM TEMPERATURE (F)   62        81      2009
 MINIMUM TEMPERATURE (F)   40        26      1951


SUNRISE AND SUNSET
APRIL 21 2015.........SUNRISE   617 AM PDT   SUNSET   805 PM PDT
APRIL 22 2015.........SUNRISE   616 AM PDT   SUNSET   806 PM PDT


-  INDICATES NEGATIVE NUMBERS.
R  INDICATES RECORD WAS SET OR TIED.
MM INDICATES DATA IS MISSING.
T  INDICATES TRACE AMOUNT.




$$
