000
CDUS41 KBTV 030553
CLISLK


CLIMATE REPORT
NATIONAL WEATHER SERVICE BURLINGTON VT
148 AM EDT SUN MAY 3 2015


...................................

...THE SARANAC LAKE NY CLIMATE SUMMARY FOR MAY 2 2015...

CLIMATE NORMAL PERIOD 1981 TO 2010
CLIMATE RECORD PERIOD 9999 TO 9999


WEATHER ITEM   OBSERVED TIME   NORMAL DEPARTURE LAST
                VALUE   (LST)  VALUE  FROM      YEAR
                                      NORMAL
......................................................
TEMPERATURE (F)
 YESTERDAY
  MAXIMUM         69    323 PM  59     10       50
  MINIMUM         28    517 AM  32     -4       32
  AVERAGE         49            45      4       41

PRECIPITATION (IN)
  YESTERDAY        0.00          0.10  -0.10     0.05
  MONTH TO DATE    0.00          0.19  -0.19     0.52
  SINCE MAR 1      3.33          5.36  -2.03     6.21
  SINCE JAN 1      4.20          9.10  -4.90     8.83

DEGREE DAYS
 HEATING
  YESTERDAY       16            20     -4       24
  MONTH TO DATE   37            40     -3       41
  SINCE MAR 1   2258          2106    152     2400
  SINCE JUL 1   9041          8811    230     9384

 COOLING
  YESTERDAY        0             0      0        0
  MONTH TO DATE    0             0      0        0
  SINCE MAR 1      0             0      0        0
  SINCE JAN 1      0             0      0        0
......................................................


WIND (MPH)
  HIGHEST WIND SPEED    14   HIGHEST WIND DIRECTION     W (280)
  HIGHEST GUST SPEED    20   HIGHEST GUST DIRECTION     N (20)
  AVERAGE WIND SPEED     2.5


SKY COVER
  AVERAGE SKY COVER 0.1


WEATHER CONDITIONS
 THE FOLLOWING WEATHER WAS RECORDED YESTERDAY.
  NO SIGNIFICANT WEATHER WAS OBSERVED.


RELATIVE HUMIDITY (PERCENT)
 HIGHEST   100          1200 AM
 LOWEST     17           400 PM
 AVERAGE    59

..........................................................


THE SARANAC LAKE NY CLIMATE NORMALS FOR TODAY
                         NORMAL    RECORD    YEAR
 MAXIMUM TEMPERATURE (F)   59        82      2001
 MINIMUM TEMPERATURE (F)   32        20      2007


SUNRISE AND SUNSET
MAY  3 2015...........SUNRISE   545 AM EDT   SUNSET   803 PM EDT
MAY  4 2015...........SUNRISE   544 AM EDT   SUNSET   804 PM EDT


-  INDICATES NEGATIVE NUMBERS.
R  INDICATES RECORD WAS SET OR TIED.
MM INDICATES DATA IS MISSING.
T  INDICATES TRACE AMOUNT.




$$
