000
CDUS46 KLOX 260915
CLISMX


CLIMATE REPORT
NATIONAL WEATHER SERVICE LOS ANGELES/OXNARD CA
215 AM PDT SUN APR 26 2015


...................................

...THE SANTA MARIA AIRPORT CA CLIMATE SUMMARY FOR APRIL 25 2015...

CLIMATE NORMAL PERIOD 1981 TO 2010
CLIMATE RECORD PERIOD 1906 TO 2015


WEATHER ITEM   OBSERVED TIME   RECORD YEAR NORMAL DEPARTURE LAST
                VALUE   (LST)  VALUE       VALUE  FROM      YEAR
                                                  NORMAL
..................................................................
TEMPERATURE (F)
 YESTERDAY
  MAXIMUM         64   1154 AM  89    1996  68     -4       69
  MINIMUM         46   1132 PM  33    1974  45      1       49
                                      1964
  AVERAGE         55                        56     -1       59

PRECIPITATION (IN)
  YESTERDAY        0.07          0.60 1963   0.03   0.04     0.12
  MONTH TO DATE    0.67                      0.88  -0.21     0.84
  SINCE OCT 1      7.37                     13.31  -5.94     4.49
  SINCE JAN 1      1.81                      9.26  -7.45     4.00

SNOWFALL (IN)
  YESTERDAY       MM
  MONTH TO DATE    0.0
  SINCE MAR 1      0.0
  SINCE JUL 1      0.0

DEGREE DAYS
 HEATING
  YESTERDAY       10                         9      1
  MONTH TO DATE  157                       241    -84
  SINCE MAR 1    290                       581   -291
  SINCE JUL 1    977                      2414  -1437

 COOLING
  YESTERDAY        0                         0      0
  MONTH TO DATE    0                         0      0
  SINCE MAR 1     27                         1     26
  SINCE JAN 1     27                         2     25
..................................................................


WIND (MPH)
  HIGHEST WIND SPEED    26   HIGHEST WIND DIRECTION    NW (300)
  HIGHEST GUST SPEED    31   HIGHEST GUST DIRECTION    NW (300)
  AVERAGE WIND SPEED    10.7


SKY COVER
  POSSIBLE SUNSHINE  MM
  AVERAGE SKY COVER 0.7


WEATHER CONDITIONS
 THE FOLLOWING WEATHER WAS RECORDED YESTERDAY.
  LIGHT RAIN
  FOG
  HAZE


RELATIVE HUMIDITY (PERCENT)
 HIGHEST    93           900 AM
 LOWEST     60           300 PM
 AVERAGE    77

..........................................................


THE SANTA MARIA AIRPORT CA CLIMATE NORMALS FOR TODAY
                         NORMAL    RECORD    YEAR
 MAXIMUM TEMPERATURE (F)   68       100      2004
 MINIMUM TEMPERATURE (F)   45        33      1984
                                             1975


SUNRISE AND SUNSET
APRIL 26 2015.........SUNRISE   617 AM PDT   SUNSET   743 PM PDT
APRIL 27 2015.........SUNRISE   616 AM PDT   SUNSET   744 PM PDT


-  INDICATES NEGATIVE NUMBERS.
R  INDICATES RECORD WAS SET OR TIED.
MM INDICATES DATA IS MISSING.
T  INDICATES TRACE AMOUNT.




$$
