000
CDUS46 KMTR 020027
CLISNS


CLIMATE REPORT
NATIONAL WEATHER SERVICE SAN FRANCISCO BAY AREA
527 PM PDT WED APR 1 2015


...................................

...THE SALINAS AIRPORT CLIMATE SUMMARY FOR APRIL 1 2015...
VALID TODAY AS OF 0500 PM LOCAL TIME.

CLIMATE NORMAL PERIOD 1981 TO 2010
CLIMATE RECORD PERIOD 1930 TO 2015


WEATHER ITEM   OBSERVED TIME   RECORD YEAR NORMAL DEPARTURE LAST
                VALUE   (LST)  VALUE       VALUE  FROM      YEAR
                                                  NORMAL
..................................................................
TEMPERATURE (F)
 TODAY
  MAXIMUM         67   1255 PM  88    2011  66      1       60
  MINIMUM         48    520 AM  30    1936  45      3       44
  AVERAGE         58                        56      2       52

PRECIPITATION (IN)
  TODAY            0.00          2.14 1974   0.05  -0.05     0.30
  MONTH TO DATE    0.00                      0.05  -0.05     0.30
  SINCE OCT 1      8.82                     11.31  -2.49     5.48
  SINCE JAN 1      0.83                      7.40  -6.57     4.65

DEGREE DAYS
 HEATING
  TODAY            7                        10     -3       13
  MONTH TO DATE    7                        10     -3       13
  SINCE MAR 1    120                       330   -210      211
  SINCE JUL 1    969                      2144  -1175     1643

 COOLING
  TODAY            0                         0      0        0
  MONTH TO DATE    0                         0      0        0
  SINCE MAR 1     17                         1     16        1
  SINCE JAN 1     25                         1     24        3
..................................................................


WIND (MPH)
  RESULTANT WIND SPEED   7   RESULTANT WIND DIRECTION   W (250)
  HIGHEST WIND SPEED    20   HIGHEST WIND DIRECTION     W (260)
  HIGHEST GUST SPEED    26   HIGHEST GUST DIRECTION    SW (240)
  AVERAGE WIND SPEED     8.0


SKY COVER
  POSSIBLE SUNSHINE  MM
  AVERAGE SKY COVER 0.0


WEATHER CONDITIONS
 THE FOLLOWING WEATHER WAS RECORDED TODAY.
  NO SIGNIFICANT WEATHER WAS OBSERVED.


RELATIVE HUMIDITY (PERCENT)
 HIGHEST    77           500 AM
 LOWEST     32          1200 PM
 AVERAGE    55

..........................................................


THE SALINAS AIRPORT CLIMATE NORMALS FOR TOMORROW
                         NORMAL    RECORD    YEAR
 MAXIMUM TEMPERATURE (F)   66        89      1985
 MINIMUM TEMPERATURE (F)   45        33      1955


SUNRISE AND SUNSET
APRIL  1 2015.........SUNRISE   553 AM PST   SUNSET   629 PM PST
APRIL  2 2015.........SUNRISE   551 AM PST   SUNSET   629 PM PST


-  INDICATES NEGATIVE NUMBERS.
R  INDICATES RECORD WAS SET OR TIED.
MM INDICATES DATA IS MISSING.
T  INDICATES TRACE AMOUNT.




$$
